000
CDUS46 KPQR 210221
CLIAST


CLIMATE REPORT
NATIONAL WEATHER SERVICE PORTLAND OREGON
721 PM PDT MON APR 20 2015


...................................

...THE ASTORIA OR CLIMATE SUMMARY FOR APRIL 20 2015...
VALID TODAY AS OF 0700 PM LOCAL TIME.

CLIMATE NORMAL PERIOD 1981 TO 2010
CLIMATE RECORD PERIOD 1892 TO 2015


WEATHER ITEM   OBSERVED TIME   RECORD YEAR NORMAL DEPARTURE LAST
                VALUE   (LST)  VALUE       VALUE  FROM      YEAR
                                                  NORMAL
..................................................................
TEMPERATURE (F)
 TODAY
  MAXIMUM         67    109 PM  83    1956  57     10       58
  MINIMUM         41    300 AM  32    2007  41      0       40
  AVERAGE         54                        49      5       49

PRECIPITATION (IN)
  TODAY            0.00          3.40 1893   0.17  -0.17     0.00
  MONTH TO DATE    2.36                      3.72  -1.36     3.49
  SINCE OCT 1     50.04                     55.58  -5.54    40.27
  SINCE JAN 1     24.42                     28.56  -4.14    28.11

DEGREE DAYS
 HEATING
  TODAY           11                        16     -5       16
  MONTH TO DATE  327                       336     -9      306
  SINCE MAR 1    796                       914   -118      822
  SINCE JUL 1   3336                      4256   -920     4251

 COOLING
  TODAY            0                         0      0        0
  MONTH TO DATE    0                         0      0        0
  SINCE MAR 1      0                         0      0        0
  SINCE JAN 1      0                         0      0        0
..................................................................


WIND (MPH)
  HIGHEST WIND SPEED    15   HIGHEST WIND DIRECTION    NW (300)
  HIGHEST GUST SPEED    20   HIGHEST GUST DIRECTION     W (290)
  AVERAGE WIND SPEED     5.0


SKY COVER
  POSSIBLE SUNSHINE  MM
  AVERAGE SKY COVER 0.4


WEATHER CONDITIONS
 THE FOLLOWING WEATHER WAS RECORDED TODAY.
  FOG
  FOG W/VISIBILITY <= 1/4 MILE


RELATIVE HUMIDITY (PERCENT)
 HIGHEST   100           400 AM
 LOWEST     60           200 PM
 AVERAGE    80

..........................................................


THE ASTORIA OR CLIMATE NORMALS FOR TOMORROW
                         NORMAL    RECORD    YEAR
 MAXIMUM TEMPERATURE (F)   57        77      1982
 MINIMUM TEMPERATURE (F)   41        31      1985
                                             1975


SUNRISE AND SUNSET
APRIL 20 2015.........SUNRISE   620 AM PDT   SUNSET   809 PM PDT
APRIL 21 2015.........SUNRISE   619 AM PDT   SUNSET   811 PM PDT


-  INDICATES NEGATIVE NUMBERS.
R  INDICATES RECORD WAS SET OR TIED.
MM INDICATES DATA IS MISSING.
T  INDICATES TRACE AMOUNT.




$$
