000
CDUS43 KABR 031028
CLIATY


CLIMATE REPORT
NATIONAL WEATHER SERVICE ABERDEEN SD
522 AM CDT SUN MAY 3 2015


...................................

...THE WATERTOWN SD CLIMATE SUMMARY FOR MAY 2 2015...

CLIMATE NORMAL PERIOD 1981 TO 2010
CLIMATE RECORD PERIOD 1898 TO 2015


WEATHER ITEM   OBSERVED TIME   RECORD YEAR NORMAL DEPARTURE LAST
                VALUE   (LST)  VALUE       VALUE  FROM      YEAR
                                                  NORMAL
..................................................................
TEMPERATURE (F)
 YESTERDAY
  MAXIMUM         84    312 PM  89    1955  64     20       62
  MINIMUM         46    542 AM  17    1911  39      7       32
  AVERAGE         65                        51     14       47

PRECIPITATION (IN)
  YESTERDAY        0.00          0.85 1941   0.09  -0.09     0.00
  MONTH TO DATE    0.05                      0.17  -0.12     0.00
  SINCE MAR 1      0.79                      3.30  -2.51     2.56
  SINCE JAN 1      1.44                      4.38  -2.94     2.99

SNOWFALL (IN)
  YESTERDAY        0.0
  MONTH TO DATE    0.0
  SINCE OCT 1     25.3
  SINCE JUL 1     25.3
  SNOW DEPTH       0

DEGREE DAYS
 HEATING
  YESTERDAY        0                        14    -14       18
  MONTH TO DATE    5                        28    -23       40
  SINCE MAR 1   1487                      1768   -281     2017
  SINCE JUL 1   7879                      8179   -300     8983

 COOLING
  YESTERDAY        0                         0      0        0
  MONTH TO DATE    0                         0      0        0
  SINCE MAR 1      0                         2     -2        0
  SINCE JAN 1      0                         2     -2        0
..................................................................


WIND (MPH)
  HIGHEST WIND SPEED    21   HIGHEST WIND DIRECTION    SW (210)
  HIGHEST GUST SPEED    27   HIGHEST GUST DIRECTION    SW (210)
  AVERAGE WIND SPEED    11.1


SKY COVER
  POSSIBLE SUNSHINE  MM
  AVERAGE SKY COVER 0.0


WEATHER CONDITIONS
 THE FOLLOWING WEATHER WAS RECORDED YESTERDAY.
  FOG
  HAZE


RELATIVE HUMIDITY (PERCENT)
 HIGHEST    86           600 AM
 LOWEST     20           200 PM
 AVERAGE    53

..........................................................


THE WATERTOWN SD CLIMATE NORMALS FOR TODAY
                         NORMAL    RECORD    YEAR
 MAXIMUM TEMPERATURE (F)   64        92      1949
 MINIMUM TEMPERATURE (F)   40        16      1907


SUNRISE AND SUNSET
MAY  3 2015...........SUNRISE   616 AM CDT   SUNSET   836 PM CDT
MAY  4 2015...........SUNRISE   614 AM CDT   SUNSET   837 PM CDT


-  INDICATES NEGATIVE NUMBERS.
R  INDICATES RECORD WAS SET OR TIED.
MM INDICATES DATA IS MISSING.
T  INDICATES TRACE AMOUNT.




$$
