000
CDUS44 KEWX 260656
CLIAUS


CLIMATE REPORT
NATIONAL WEATHER SERVICE AUSTIN/SAN ANTONIO, TX
154 AM CDT SUN APR 26 2015


...................................

...THE AUSTIN BERGSTROM CLIMATE SUMMARY FOR APRIL 25 2015...

CLIMATE NORMAL PERIOD 1981 TO 2010
CLIMATE RECORD PERIOD 1943 TO 2015


WEATHER ITEM   OBSERVED TIME   RECORD YEAR NORMAL DEPARTURE LAST
                VALUE   (LST)  VALUE       VALUE  FROM      YEAR
                                                  NORMAL
..................................................................
TEMPERATURE (F)
 YESTERDAY
  MAXIMUM         91    320 PM  93    2011  82      9       89
  MINIMUM         66    752 AM  42    2001  57      9       53
  AVERAGE         79                        70      9       71

PRECIPITATION (IN)
  YESTERDAY        0.06          1.75 1980   0.10  -0.04     0.00
  MONTH TO DATE    1.92                      1.80   0.12     1.65
  SINCE MAR 1      5.96                      4.58   1.38     2.84
  SINCE JAN 1     11.70                      9.09   2.61     3.93

SNOWFALL (IN)
  YESTERDAY        0.0
  MONTH TO DATE    0.0
  SINCE MAR 1      0.0
  SINCE JUL 1      T
  SNOW DEPTH       0

DEGREE DAYS
 HEATING
  YESTERDAY        0                         1     -1        0
  MONTH TO DATE   12                        59    -47       72
  SINCE MAR 1    252                       281    -29      352
  SINCE JUL 1   1966                      1896     70     2169

 COOLING
  YESTERDAY       14                         6      8        6
  MONTH TO DATE  149                       100     49       99
  SINCE MAR 1    187                       142     45      131
  SINCE JAN 1    189                       158     31      148
..................................................................


WIND (MPH)
  HIGHEST WIND SPEED    16   HIGHEST WIND DIRECTION     S (170)
  HIGHEST GUST SPEED    21   HIGHEST GUST DIRECTION     S (180)
  AVERAGE WIND SPEED     6.7


SKY COVER
  AVERAGE SKY COVER 0.5


WEATHER CONDITIONS
 THE FOLLOWING WEATHER WAS RECORDED YESTERDAY.
  THUNDERSTORM
  LIGHT RAIN
  FOG


RELATIVE HUMIDITY (PERCENT)
 HIGHEST   100          1200 AM
 LOWEST     23           200 PM
 AVERAGE    62

..........................................................


THE AUSTIN BERGSTROM CLIMATE NORMALS FOR TODAY
                         NORMAL    RECORD    YEAR
 MAXIMUM TEMPERATURE (F)   82        96      1984
 MINIMUM TEMPERATURE (F)   58        44      2001


SUNRISE AND SUNSET
APRIL 26 2015.........SUNRISE   652 AM CDT   SUNSET   805 PM CDT
APRIL 27 2015.........SUNRISE   651 AM CDT   SUNSET   806 PM CDT


-  INDICATES NEGATIVE NUMBERS.
R  INDICATES RECORD WAS SET OR TIED.
MM INDICATES DATA IS MISSING.
T  INDICATES TRACE AMOUNT.




$$
