000
CDUS43 KGRR 030515
CLIAZO


CLIMATE REPORT
NATIONAL WEATHER SERVICE GRAND RAPIDS, MI
115 AM EDT SUN MAY 3 2015


...................................

...THE KALAMAZOO MI CLIMATE SUMMARY FOR MAY 2 2015...

CLIMATE NORMAL PERIOD 1981 TO 2010
CLIMATE RECORD PERIOD 1998 TO 2015


WEATHER ITEM   OBSERVED TIME   NORMAL DEPARTURE LAST
                VALUE   (LST)  VALUE  FROM      YEAR
                                      NORMAL
......................................................
TEMPERATURE (F)
 YESTERDAY
  MAXIMUM         75    253 PM  66      9       51
  MINIMUM         42    613 AM  44     -2       45
  AVERAGE         59            55      4       48

PRECIPITATION (IN)
  YESTERDAY        0.00          0.12  -0.12     0.02
  MONTH TO DATE    0.00          0.23  -0.23     0.13
  SINCE MAR 1      2.36          5.56  -3.20     3.40
  SINCE JAN 1      3.89          8.80  -4.91     5.93

DEGREE DAYS
 HEATING
  YESTERDAY        6            11     -5       17
  MONTH TO DATE   15            22     -7       38
  SINCE MAR 1   1430          1392     38     1698
  SINCE JUL 1   6716          6165    551     6866

 COOLING
  YESTERDAY        0             0      0        0
  MONTH TO DATE    0             0      0        0
  SINCE MAR 1      0             4     -4        0
  SINCE JAN 1      0             4     -4        0
......................................................


WIND (MPH)
  RESULTANT WIND SPEED   1   RESULTANT WIND DIRECTION   W (260)
  HIGHEST WIND SPEED    14   HIGHEST WIND DIRECTION     W (270)
  HIGHEST GUST SPEED    18   HIGHEST GUST DIRECTION    SW (240)
  AVERAGE WIND SPEED     3.1


SKY COVER
  AVERAGE SKY COVER 0.0


WEATHER CONDITIONS
 THE FOLLOWING WEATHER WAS RECORDED YESTERDAY.
  NO SIGNIFICANT WEATHER WAS OBSERVED.


RELATIVE HUMIDITY (PERCENT)
 HIGHEST    86           700 AM
 LOWEST     25           400 PM
 AVERAGE    56

..........................................................


THE KALAMAZOO MI CLIMATE NORMALS FOR TODAY
                         NORMAL
 MAXIMUM TEMPERATURE (F)   66
 MINIMUM TEMPERATURE (F)   44


SUNRISE AND SUNSET
MAY  3 2015...........SUNRISE   635 AM EDT   SUNSET   843 PM EDT
MAY  4 2015...........SUNRISE   634 AM EDT   SUNSET   845 PM EDT


-  INDICATES NEGATIVE NUMBERS.
R  INDICATES RECORD WAS SET OR TIED.
MM INDICATES DATA IS MISSING.
T  INDICATES TRACE AMOUNT.




$$
