000
CDUS45 KCYS 270731
CLIBFF


CLIMATE REPORT
NATIONAL WEATHER SERVICE CHEYENNE WY
131 AM MDT MON APR 27 2015


...................................

...THE SCOTTSBLUFF NE AIRPORT CLIMATE SUMMARY FOR APRIL 26 2015...

CLIMATE NORMAL PERIOD 1981 TO 2010
CLIMATE RECORD PERIOD 1871 TO 2015


WEATHER ITEM   OBSERVED TIME   RECORD YEAR NORMAL DEPARTURE LAST
                VALUE   (LST)  VALUE       VALUE  FROM      YEAR
                                                  NORMAL
..................................................................
TEMPERATURE (F)
 YESTERDAY
  MAXIMUM         50    125 AM  89    1981  65    -15       79
  MINIMUM         44   1100 PM  21    1932  35      9       41
  AVERAGE         47                        50     -3       60

PRECIPITATION (IN)
  YESTERDAY        0.51          1.00 1922   0.07   0.44     0.00
  MONTH TO DATE    3.09                      1.56   1.53     0.11
  SINCE JAN 1      4.20                      3.57   0.63     2.56

SNOWFALL (IN)
  YESTERDAY        0.0           3.7  1994   0.1   -0.1      0.0
  MONTH TO DATE    0.5                       5.0   -4.5      1.1
  SINCE JUL 1     43.7                      41.2    2.5     61.5
  SNOW DEPTH       0

DEGREE DAYS
 HEATING
  YESTERDAY       18                        15      3        5
  MONTH TO DATE  431                       495    -64      412
  SINCE MAR 1   1051                      1324   -273     1242
  SINCE JUL 1   5766                      6236   -470     6275

 COOLING
  YESTERDAY        0                         0      0        0
  MONTH TO DATE    0                         0      0        0
  SINCE MAR 1      0                         0      0        0
  SINCE JAN 1      0                         0      0        0
..................................................................


WIND (MPH)
  HIGHEST WIND SPEED    21   HIGHEST WIND DIRECTION    SE (120)
  HIGHEST GUST SPEED    39   HIGHEST GUST DIRECTION    SE (120)
  AVERAGE WIND SPEED    11.7


SKY COVER
  AVERAGE SKY COVER 1.0


WEATHER CONDITIONS
 THE FOLLOWING WEATHER WAS RECORDED YESTERDAY.
  RAIN
  LIGHT RAIN
  FOG
  HAZE


RELATIVE HUMIDITY (PERCENT)
 HIGHEST   100           300 AM
 LOWEST     86          1200 AM
 AVERAGE    93

..........................................................


THE SCOTTSBLUFF NE AIRPORT CLIMATE NORMALS FOR TODAY
                         NORMAL    RECORD    YEAR
 MAXIMUM TEMPERATURE (F)   65        93      1910
 MINIMUM TEMPERATURE (F)   36        20      2008


SUNRISE AND SUNSET
APRIL 27 2015.........SUNRISE   556 AM MDT   SUNSET   748 PM MDT
APRIL 28 2015.........SUNRISE   555 AM MDT   SUNSET   749 PM MDT


-  INDICATES NEGATIVE NUMBERS.
R  INDICATES RECORD WAS SET OR TIED.
MM INDICATES DATA IS MISSING.
T  INDICATES TRACE AMOUNT.




$$
