000
CDUS46 KHNX 250821
CLIBFL


CLIMATE REPORT
NATIONAL WEATHER SERVICE SAN JOAQUIN VALLEY, CA
120 AM PDT SAT APR 25 2015


...................................

...THE BAKERSFIELD CLIMATE SUMMARY FOR APRIL 24 2015...

CLIMATE NORMAL PERIOD 1981 TO 2010
CLIMATE RECORD PERIOD 1889 TO 2015


WEATHER ITEM   OBSERVED TIME   RECORD YEAR NORMAL DEPARTURE
                VALUE   (LST)  VALUE       VALUE  FROM
                                                  NORMAL
...............................................................
TEMPERATURE (F)
 YESTERDAY
  MAXIMUM         76    336 PM 100    1910  77     -1
  MINIMUM         56   1113 PM  34    1904  52      4
  AVERAGE         66                        65      1

PRECIPITATION (IN)
  YESTERDAY        0.00          0.42 1915   0.02  -0.02
  MONTH TO DATE    0.06                      0.45  -0.39
  SINCE OCT 1      4.59                      6.02  -1.43
  SINCE JAN 1      1.92                      4.06  -2.14

SNOWFALL (IN)
  YESTERDAY        0.0
  MONTH TO DATE    0.0
  SINCE MAR 1      0.0
  SINCE JUL 1      0.0
  SNOW DEPTH       0

DEGREE DAYS
 HEATING
  YESTERDAY        0                               -3
  MONTH TO DATE   63                              -52
  SINCE MAR 1    147                             -207
  SINCE JUL 1   1282                             -846

 COOLING
  YESTERDAY        1                               -2
  MONTH TO DATE   46                                7
  SINCE MAR 1    117                               69
  SINCE JAN 1    121                               73
...............................................................


WIND (MPH)
  HIGHEST WIND SPEED    21   HIGHEST WIND DIRECTION     W (290)
  HIGHEST GUST SPEED    26   HIGHEST GUST DIRECTION    NW (330)
  AVERAGE WIND SPEED     9.7




RELATIVE HUMIDITY (PERCENT)
 HIGHEST    57
 LOWEST     25
 AVERAGE    41

..........................................................


THE BAKERSFIELD CLIMATE NORMALS FOR TODAY
                         NORMAL    RECORD    YEAR
 MAXIMUM TEMPERATURE (F)   78        97      1946
 MINIMUM TEMPERATURE (F)   52        32      1893


SUNRISE AND SUNSET
APRIL 25 2015.........SUNRISE   612 AM PDT   SUNSET   737 PM PDT
APRIL 26 2015.........SUNRISE   610 AM PDT   SUNSET   738 PM PDT


-  INDICATES NEGATIVE NUMBERS.
R  INDICATES RECORD WAS SET OR TIED.
MM INDICATES DATA IS MISSING.
T  INDICATES TRACE AMOUNT.




$$
