000
CDUS43 KBIS 260028
CLIBIS


CLIMATE REPORT
NATIONAL WEATHER SERVICE BISMARCK ND
728 PM CDT SAT APR 25 2015


...................................

...THE BISMARCK ND CLIMATE SUMMARY FOR APRIL 25 2015...
VALID TODAY AS OF 0700 PM LOCAL TIME.

CLIMATE NORMAL PERIOD 1981 TO 2010
CLIMATE RECORD PERIOD 1875 TO 2015


WEATHER ITEM   OBSERVED TIME   RECORD YEAR NORMAL DEPARTURE LAST
                VALUE   (LST)  VALUE       VALUE  FROM      YEAR
                                                  NORMAL
..................................................................
TEMPERATURE (F)
 TODAY
  MAXIMUM         50    547 PM  90    1891  62    -12       70
  MINIMUM         41   1259 AM  15    1907  34      7       31
  AVERAGE         46                        48     -2       51

PRECIPITATION (IN)
  TODAY            0.00          0.78 1892   0.05  -0.05     0.00
  MONTH TO DATE    0.27                      0.98  -0.71     0.29
  SINCE MAR 1      0.72                      1.85  -1.13     1.11
  SINCE JAN 1      1.86                      2.79  -0.93     1.68

SNOWFALL (IN)
  TODAY            0.0           4.3  1994   0.1   -0.1      0.0
  MONTH TO DATE    0.2                       3.9   -3.7      3.9
  SINCE MAR 1      1.0                      13.0  -12.0     15.0
  SINCE JUL 1     23.9                      50.5  -26.6     40.2
  SNOW DEPTH       0

DEGREE DAYS
 HEATING
  TODAY           19                        17      2       14
  MONTH TO DATE  516                       557    -41      603
  SINCE MAR 1   1405                      1645   -240     1767
  SINCE JUL 1   7766                      8076   -310     8619

 COOLING
  TODAY            0                         0      0        0
  MONTH TO DATE    0                         0      0        0
  SINCE MAR 1      0                         0      0        0
  SINCE JAN 1      0                         0      0        0
..................................................................


WIND (MPH)
  RESULTANT WIND SPEED  12   RESULTANT WIND DIRECTION   E (110)
  HIGHEST WIND SPEED    20   HIGHEST WIND DIRECTION     E (100)
  HIGHEST GUST SPEED    23   HIGHEST GUST DIRECTION     E (110)
  AVERAGE WIND SPEED    12.4


SKY COVER
  POSSIBLE SUNSHINE  MM
  AVERAGE SKY COVER 0.9


WEATHER CONDITIONS
 THE FOLLOWING WEATHER WAS RECORDED TODAY.
  FOG


RELATIVE HUMIDITY (PERCENT)
 HIGHEST    96           200 AM
 LOWEST     74           300 PM
 AVERAGE    85

..........................................................


THE BISMARCK ND CLIMATE NORMALS FOR TOMORROW
                         NORMAL    RECORD    YEAR
 MAXIMUM TEMPERATURE (F)   62        92      1952
 MINIMUM TEMPERATURE (F)   35        19      2002
                                             1920


SUNRISE AND SUNSET
APRIL 25 2015.........SUNRISE   638 AM CDT   SUNSET   845 PM CDT
APRIL 26 2015.........SUNRISE   637 AM CDT   SUNSET   846 PM CDT


-  INDICATES NEGATIVE NUMBERS.
R  INDICATES RECORD WAS SET OR TIED.
MM INDICATES DATA IS MISSING.
T  INDICATES TRACE AMOUNT.




$$
