000
CDUS46 KBOI 250932
CLIBKE


CLIMATE REPORT
NATIONAL WEATHER SERVICE BOISE ID
332 AM MDT SAT APR 25 2015


...................................

...THE BAKER OR CLIMATE SUMMARY FOR APRIL 24 2015...

CLIMATE NORMAL PERIOD 1981 TO 2010
CLIMATE RECORD PERIOD 1948 TO 2015


WEATHER ITEM   OBSERVED TIME   RECORD YEAR NORMAL DEPARTURE LAST
                VALUE   (LST)  VALUE       VALUE  FROM      YEAR
                                                  NORMAL
..................................................................
TEMPERATURE (F)
 YESTERDAY
  MAXIMUM         54    227 PM  89    1977  60     -6       58
  MINIMUM         35   1137 PM  14    2002  30      5       39
  AVERAGE         45                        45      0       49

PRECIPITATION (IN)
  YESTERDAY        T             0.33 1994   0.03  -0.03     0.30
  MONTH TO DATE    0.62                      0.64  -0.02     0.45
  SINCE OCT 1      4.44                      5.35  -0.91     4.35
  SINCE JAN 1      2.24                      2.84  -0.60     3.18

DEGREE DAYS
 HEATING
  YESTERDAY       20                        20      0       16
  MONTH TO DATE  543                       532     11      497
  SINCE MAR 1   1245                      1380   -135     1252
  SINCE JUL 1   5921                      6900   -979     6778

 COOLING
  YESTERDAY        0                         0      0        0
  MONTH TO DATE    0                         0      0        0
  SINCE MAR 1      0                         0      0        0
  SINCE JAN 1      0                         0      0        0
..................................................................


WIND (MPH)
  RESULTANT WIND SPEED   9   RESULTANT WIND DIRECTION  NW (320)
  HIGHEST WIND SPEED    20   HIGHEST WIND DIRECTION    NW (330)
  HIGHEST GUST SPEED    25   HIGHEST GUST DIRECTION     N (350)
  AVERAGE WIND SPEED     8.8


SKY COVER
  AVERAGE SKY COVER 0.4


WEATHER CONDITIONS
 THE FOLLOWING WEATHER WAS RECORDED YESTERDAY.
  NO SIGNIFICANT WEATHER WAS OBSERVED.


RELATIVE HUMIDITY (PERCENT)
 HIGHEST   100           100 AM
 LOWEST     35           300 PM
 AVERAGE    68

..........................................................


THE BAKER OR CLIMATE NORMALS FOR TODAY
                         NORMAL    RECORD    YEAR
 MAXIMUM TEMPERATURE (F)   60        86      1977
 MINIMUM TEMPERATURE (F)   31        18      2009


SUNRISE AND SUNSET
APRIL 25 2015.........SUNRISE   550 AM PDT   SUNSET   749 PM PDT
APRIL 26 2015.........SUNRISE   549 AM PDT   SUNSET   750 PM PDT


-  INDICATES NEGATIVE NUMBERS.
R  INDICATES RECORD WAS SET OR TIED.
MM INDICATES DATA IS MISSING.
T  INDICATES TRACE AMOUNT.




$$
