000
CDUS44 KOHX 271255 AAA
CLIBNA

CLIMATE REPORT
NATIONAL WEATHER SERVICE NASHVILLE TN
752 AM CDT MON APR 27 2015


.....................................

UPDATED FOR MORNING CLIMATE AT BOTTOM

.....................................

...THE NASHVILLE CLIMATE SUMMARY FOR APRIL 26 2015...

CLIMATE NORMAL PERIOD 1981 TO 2010
CLIMATE RECORD PERIOD 1871 TO 2015


WEATHER ITEM   OBSERVED TIME   RECORD YEAR NORMAL DEPARTURE
                VALUE   (LST)  VALUE       VALUE  FROM
                                                  NORMAL
...............................................................
TEMPERATURE (F)
 YESTERDAY
  MAXIMUM         61    444 AM  91    1989  73    -12
  MINIMUM         49   1159 PM  36    1919  51     -2
  AVERAGE         55                        62     -7

PRECIPITATION (IN)
  YESTERDAY        T             1.56 1877   0.15  -0.15
  MONTH TO DATE    6.33                      3.38   2.95
  SINCE MAR 1     10.62                      7.49   3.13
  SINCE JAN 1     17.44                     15.18   2.26

SNOWFALL (IN)
  YESTERDAY       MM             0.0  2002   0.0   MM
                                      2001
  MONTH TO DATE    0.0                       0.1   -0.1
  SINCE MAR 1      2.9                       1.0    1.9
  SINCE JUL 1      6.1                       6.4   -0.3
  SNOW DEPTH       0

DEGREE DAYS
 HEATING
  YESTERDAY       10                                5
  MONTH TO DATE   96                             -106
  SINCE MAR 1    537                             -138
  SINCE JUL 1   3727                              114

 COOLING
  YESTERDAY        0                               -2
  MONTH TO DATE   40                                8
  SINCE MAR 1     42                                2
  SINCE JAN 1     42                                2
...............................................................


WIND (MPH)
  HIGHEST WIND SPEED    17   HIGHEST WIND DIRECTION     N (360)
  HIGHEST GUST SPEED    22   HIGHEST GUST DIRECTION    NW (330)
  AVERAGE WIND SPEED     5.8




RELATIVE HUMIDITY (PERCENT)
 HIGHEST    97
 LOWEST     62
 AVERAGE    80

..........................................................


THE NASHVILLE CLIMATE NORMALS FOR TODAY
                         NORMAL    RECORD    YEAR
 MAXIMUM TEMPERATURE (F)   74        91      1989
 MINIMUM TEMPERATURE (F)   51        36      1919


SUNRISE AND SUNSET
APRIL 27 2015.........SUNRISE   559 AM CDT   SUNSET   731 PM CDT
APRIL 28 2015.........SUNRISE   558 AM CDT   SUNSET   731 PM CDT


-  INDICATES NEGATIVE NUMBERS.
R  INDICATES RECORD WAS SET OR TIED.
MM INDICATES DATA IS MISSING.
T  INDICATES TRACE AMOUNT.

&&

THE LOW TEMPERATURE SINCE MIDNIGHT HAS BEEN 43 DEGREES.
NO PRECIPITATION HAS BEEN MEASURED SINCE MIDNIGHT.

$$
