000
CDUS45 KBOI 200121
CLIBNO


CLIMATE REPORT
NATIONAL WEATHER SERVICE BOISE ID
720 PM MDT SUN APR 19 2015


...................................

...THE BURNS OR CLIMATE SUMMARY FOR APRIL 19 2015...
VALID TODAY AS OF 0600 PM LOCAL TIME.

CLIMATE NORMAL PERIOD 1981 TO 2010
CLIMATE RECORD PERIOD 1938 TO 2015


WEATHER ITEM   OBSERVED TIME   RECORD YEAR NORMAL DEPARTURE LAST
                VALUE   (LST)  VALUE       VALUE  FROM      YEAR
                                                  NORMAL
..................................................................
TEMPERATURE (F)
 TODAY
  MAXIMUM         69    441 PM  75    2010  58     11       72
                                      1994
                                      1980
  MINIMUM         21    525 AM  14    1955  29     -8       25
  AVERAGE         45                        44      1       49

PRECIPITATION (IN)
  TODAY            0.00          0.46 1981   0.03  -0.03     0.00
  MONTH TO DATE    0.11                      0.59  -0.48     0.48
  SINCE OCT 1      6.71                      7.39  -0.68     4.89
  SINCE JAN 1      2.21                      3.89  -1.68     3.92

DEGREE DAYS
 HEATING
  TODAY           20                        21     -1       16
  MONTH TO DATE  467                       437     30      391
  SINCE MAR 1   1149                      1294   -145     1175
  SINCE JUL 1   5623                      6822  -1199     6458

 COOLING
  TODAY            0                         0      0        0
  MONTH TO DATE    0                         0      0        0
  SINCE MAR 1      0                         0      0        0
  SINCE JAN 1      0                         0      0        0
..................................................................


WIND (MPH)
  HIGHEST WIND SPEED    14   HIGHEST WIND DIRECTION     S (180)
  HIGHEST GUST SPEED    19   HIGHEST GUST DIRECTION     S (180)
  AVERAGE WIND SPEED     5.2



WEATHER CONDITIONS
 THE FOLLOWING WEATHER WAS RECORDED TODAY.
  NO SIGNIFICANT WEATHER WAS OBSERVED.


RELATIVE HUMIDITY (PERCENT)
 HIGHEST    62           500 AM
 LOWEST     15           100 PM
 AVERAGE    39

..........................................................


THE BURNS OR CLIMATE NORMALS FOR TOMORROW
                         NORMAL    RECORD    YEAR
 MAXIMUM TEMPERATURE (F)   58        79      2009
                                             1994
 MINIMUM TEMPERATURE (F)   30        13      2008


SUNRISE AND SUNSET
APRIL 19 2015.........SUNRISE   607 AM PDT   SUNSET   744 PM PDT
APRIL 20 2015.........SUNRISE   605 AM PDT   SUNSET   745 PM PDT


-  INDICATES NEGATIVE NUMBERS.
R  INDICATES RECORD WAS SET OR TIED.
MM INDICATES DATA IS MISSING.
T  INDICATES TRACE AMOUNT.




$$
