000
CDUS41 KBOX 060549
CLIBOS


CLIMATE REPORT
NATIONAL WEATHER SERVICE TAUNTON MA
138 AM EDT WED MAY 6 2015


...................................

...THE BOSTON MA CLIMATE SUMMARY FOR MAY 5 2015...

CLIMATE NORMAL PERIOD 1981 TO 2010
CLIMATE RECORD PERIOD 1872 TO 2015


WEATHER ITEM   OBSERVED TIME   RECORD YEAR NORMAL DEPARTURE LAST
                VALUE   (LST)  VALUE       VALUE  FROM      YEAR
                                                  NORMAL
..................................................................
TEMPERATURE (F)
 YESTERDAY
  MAXIMUM         70    135 PM  89    1949  63      7       66
  MINIMUM         54   1050 PM  35    1907  47      7       50
                                      1891
                                      1874
  AVERAGE         62                        55      7       58

PRECIPITATION (IN)
  YESTERDAY        0.02          2.06 1922   0.12  -0.10     0.00
  MONTH TO DATE    0.02                      0.54  -0.52     0.63
  SINCE MAR 1      5.35                      8.60  -3.25     8.35
  SINCE JAN 1     12.29                     15.21  -2.92    15.72

SNOWFALL (IN)
  YESTERDAY        0.0           T    1917   0.0    0.0      0.0
  MONTH TO DATE    0.0                       0.0    0.0      0.0
  SINCE MAR 1      8.6                       9.7   -1.1      2.5
  SINCE JUL 1    110.6                      43.8   66.8     58.9
  SNOW DEPTH      MM

DEGREE DAYS
 HEATING
  YESTERDAY        3                        11     -8        7
  MONTH TO DATE   53                        57     -4       40
  SINCE MAR 1   1532                      1396    136     1511
  SINCE JUL 1   5847                      5438    409     5659

 COOLING
  YESTERDAY        0                         0      0        0
  MONTH TO DATE    2                         0      2        0
  SINCE MAR 1      2                         3     -1        1
  SINCE JAN 1      2                         3     -1        1
..................................................................


WIND (MPH)
  RESULTANT WIND SPEED   4   RESULTANT WIND DIRECTION   S (180)
  HIGHEST WIND SPEED    21   HIGHEST WIND DIRECTION     E (100)
  HIGHEST GUST SPEED    25   HIGHEST GUST DIRECTION     E (100)
  AVERAGE WIND SPEED     9.7


SKY COVER
  POSSIBLE SUNSHINE  MM
  AVERAGE SKY COVER 0.6


WEATHER CONDITIONS
 THE FOLLOWING WEATHER WAS RECORDED YESTERDAY.
  LIGHT RAIN


RELATIVE HUMIDITY (PERCENT)
 HIGHEST    93          1000 PM
 LOWEST     39           200 AM
 AVERAGE    66

..........................................................


THE BOSTON MA CLIMATE NORMALS FOR TODAY
                         NORMAL    RECORD    YEAR
 MAXIMUM TEMPERATURE (F)   63        90      1930
 MINIMUM TEMPERATURE (F)   47        33      1891


SUNRISE AND SUNSET
MAY  6 2015...........SUNRISE   533 AM EDT   SUNSET   749 PM EDT
MAY  7 2015...........SUNRISE   532 AM EDT   SUNSET   750 PM EDT


-  INDICATES NEGATIVE NUMBERS.
R  INDICATES RECORD WAS SET OR TIED.
MM INDICATES DATA IS MISSING.
T  INDICATES TRACE AMOUNT.




$$
