000
CDUS43 KDVN 050941
CLIBRL


CLIMATE REPORT
NATIONAL WEATHER SERVICE QUAD CITIES IA IL
441 AM CDT TUE MAY 5 2015


...................................

...THE BURLINGTON IA CLIMATE SUMMARY FOR MAY 4 2015...

CLIMATE NORMAL PERIOD 1981 TO 2010
CLIMATE RECORD PERIOD 1897 TO 2015


WEATHER ITEM   OBSERVED TIME   RECORD YEAR NORMAL DEPARTURE LAST
                VALUE   (LST)  VALUE       VALUE  FROM      YEAR
                                                  NORMAL
..................................................................
TEMPERATURE (F)
 YESTERDAY
  MAXIMUM         79    244 PM  90    1952  71      8       69
  MINIMUM         60    543 AM  26    1907  49     11       45
  AVERAGE         70                        60     10       57

PRECIPITATION (IN)
  YESTERDAY        0.30         MM      MM   0.16   0.14     0.00
  MONTH TO DATE    0.30                      0.66  -0.36      T
  SINCE MAR 1      2.20                      7.21  -5.01     5.21
  SINCE JAN 1      4.62                     10.07  -5.45     9.58

DEGREE DAYS
 HEATING
  YESTERDAY        0                         6     -6        8
  MONTH TO DATE   12                        27    -15       41
  SINCE MAR 1   1076                      1111    -35     1399
  SINCE JUL 1   6007                      5489    518     6722

 COOLING
  YESTERDAY        5                         1      4        0
  MONTH TO DATE   11                         4      7        0
  SINCE MAR 1     14                        24    -10        8
  SINCE JAN 1     14                        24    -10        8
..................................................................


WIND (MPH)
  HIGHEST WIND SPEED    24   HIGHEST WIND DIRECTION    NE (30)
  HIGHEST GUST SPEED    27   HIGHEST GUST DIRECTION    NE (30)
  AVERAGE WIND SPEED     7.7


SKY COVER
  POSSIBLE SUNSHINE  MM
  AVERAGE SKY COVER 0.7


WEATHER CONDITIONS
 THE FOLLOWING WEATHER WAS RECORDED YESTERDAY.
  THUNDERSTORM
  HEAVY RAIN
  RAIN
  LIGHT RAIN
  FOG
  HAZE


RELATIVE HUMIDITY (PERCENT)
 HIGHEST    97           600 AM
 LOWEST     50           200 PM
 AVERAGE    74

..........................................................


THE BURLINGTON IA CLIMATE NORMALS FOR TODAY
                         NORMAL    RECORD    YEAR
 MAXIMUM TEMPERATURE (F)   71        92      1949
 MINIMUM TEMPERATURE (F)   49        32      1944


SUNRISE AND SUNSET
MAY  5 2015...........SUNRISE   558 AM CDT   SUNSET   805 PM CDT
MAY  6 2015...........SUNRISE   557 AM CDT   SUNSET   806 PM CDT


-  INDICATES NEGATIVE NUMBERS.
R  INDICATES RECORD WAS SET OR TIED.
MM INDICATES DATA IS MISSING.
T  INDICATES TRACE AMOUNT.




$$
