000
CDUS43 KGRR 012136
CLIBTL


CLIMATE REPORT
NATIONAL WEATHER SERVICE GRAND RAPIDS, MI
533 PM EDT WED APR 1 2015


...................................

...THE BATTLE CREEK MI CLIMATE SUMMARY FOR APRIL 1 2015...
VALID TODAY AS OF 0500 PM LOCAL TIME.

CLIMATE NORMAL PERIOD 1981 TO 2010
CLIMATE RECORD PERIOD 1998 TO 2015


WEATHER ITEM   OBSERVED TIME   NORMAL DEPARTURE LAST
                VALUE   (LST)  VALUE  FROM      YEAR
                                      NORMAL
......................................................
TEMPERATURE (F)
 TODAY
  MAXIMUM         66    353 PM  54     12       53
  MINIMUM         28    625 AM  31     -3       36
  AVERAGE         47            42      5       45

PRECIPITATION (IN)
  TODAY            0.00          0.08  -0.08     0.09
  MONTH TO DATE    0.00          0.08  -0.08     0.09
  SINCE MAR 1      0.27          1.99  -1.72     1.05
  SINCE JAN 1      1.28          4.99  -3.71     2.58

DEGREE DAYS
 HEATING
  TODAY           18            23     -5       20
  MONTH TO DATE   18            23     -5       20
  SINCE MAR 1    976           933     43     1189
  SINCE JUL 1   6181          5898    283     6643

 COOLING
  TODAY            0             0      0        0
  MONTH TO DATE    0             0      0        0
  SINCE MAR 1      0             0      0        0
  SINCE JAN 1      0             0      0        0
......................................................


WIND (MPH)
  RESULTANT WIND SPEED   4   RESULTANT WIND DIRECTION  SW (210)
  HIGHEST WIND SPEED    15   HIGHEST WIND DIRECTION    SW (210)
  HIGHEST GUST SPEED    20   HIGHEST GUST DIRECTION     W (270)
  AVERAGE WIND SPEED     5.6


SKY COVER
  AVERAGE SKY COVER 0.0


WEATHER CONDITIONS
 THE FOLLOWING WEATHER WAS RECORDED TODAY.
  NO SIGNIFICANT WEATHER WAS OBSERVED.


RELATIVE HUMIDITY (PERCENT)
 HIGHEST    92           700 AM
 LOWEST     29           400 PM
 AVERAGE    61

..........................................................


THE BATTLE CREEK MI CLIMATE NORMALS FOR TOMORROW
                         NORMAL
 MAXIMUM TEMPERATURE (F)   54
 MINIMUM TEMPERATURE (F)   31


SUNRISE AND SUNSET
APRIL  1 2015.........SUNRISE   724 AM EDT   SUNSET   806 PM EDT
APRIL  2 2015.........SUNRISE   722 AM EDT   SUNSET   808 PM EDT


-  INDICATES NEGATIVE NUMBERS.
R  INDICATES RECORD WAS SET OR TIED.
MM INDICATES DATA IS MISSING.
T  INDICATES TRACE AMOUNT.




$$

63
