000
CDUS44 KLIX 190719
CLIBTR


CLIMATE REPORT
NATIONAL WEATHER SERVICE NEW ORLEANS
217 AM CDT SUN APR 19 2015


...................................

...THE BATON ROUGE  ASOS CLIMATE SUMMARY FOR APRIL 18 2015...

CLIMATE NORMAL PERIOD 1981 TO 2010
CLIMATE RECORD PERIOD 1894 TO 2015


WEATHER ITEM   OBSERVED TIME   RECORD YEAR NORMAL DEPARTURE LAST
                VALUE   (LST)  VALUE       VALUE  FROM      YEAR
                                                  NORMAL
..................................................................
TEMPERATURE (F)
 YESTERDAY
  MAXIMUM         80   1246 PM  93    2006  80      0       80
  MINIMUM         69    851 AM  38    1997  57     12       58
  AVERAGE         75                        69      6       69

PRECIPITATION (IN)
  YESTERDAY        0.58          2.40 1901   0.15   0.43     0.01
  MONTH TO DATE    5.02                      2.77   2.25     3.51
  SINCE MAR 1      8.40                      7.18   1.22     6.73
  SINCE JAN 1     18.15                     17.94   0.21    16.00

SNOWFALL (IN)
  YESTERDAY        0.0
  MONTH TO DATE    0.0
  SINCE MAR 1      T
  SINCE JUL 1      T
  SNOW DEPTH       0

DEGREE DAYS
 HEATING
  YESTERDAY        0                         1     -1        0
  MONTH TO DATE    4                        42    -38       51
  SINCE MAR 1     97                       209   -112      272
  SINCE JUL 1   1639                      1544     95     1978

 COOLING
  YESTERDAY       10                         5      5        4
  MONTH TO DATE  144                        70     74       62
  SINCE MAR 1    247                       128    119       88
  SINCE JAN 1    251                       159     92      108
..................................................................


WIND (MPH)
  HIGHEST WIND SPEED    17   HIGHEST WIND DIRECTION     E (110)
  HIGHEST GUST SPEED    23   HIGHEST GUST DIRECTION     E (100)
  AVERAGE WIND SPEED     8.0


SKY COVER
  POSSIBLE SUNSHINE  MM
  AVERAGE SKY COVER 0.8


WEATHER CONDITIONS
 THE FOLLOWING WEATHER WAS RECORDED YESTERDAY.
  HEAVY RAIN
  RAIN
  LIGHT RAIN
  FOG


RELATIVE HUMIDITY (PERCENT)
 HIGHEST   100           200 AM
 LOWEST     69           300 PM
 AVERAGE    85

..........................................................


THE BATON ROUGE  ASOS CLIMATE NORMALS FOR TODAY
                         NORMAL    RECORD    YEAR
 MAXIMUM TEMPERATURE (F)   80        90      2006
                                             1987
 MINIMUM TEMPERATURE (F)   58        40      2001


SUNRISE AND SUNSET
APRIL 19 2015.........SUNRISE   633 AM CDT   SUNSET   735 PM CDT
APRIL 20 2015.........SUNRISE   632 AM CDT   SUNSET   735 PM CDT


-  INDICATES NEGATIVE NUMBERS.
R  INDICATES RECORD WAS SET OR TIED.
MM INDICATES DATA IS MISSING.
T  INDICATES TRACE AMOUNT.




$$
