000
CDUS41 KLWX 280522
CLIBWI


CLIMATE REPORT
NATIONAL WEATHER SERVICE BALTIMORE MD/WASHINGTON DC
121 AM EDT TUE APR 28 2015


...................................

...THE BALTIMORE MD CLIMATE SUMMARY FOR APRIL 27 2015...

CLIMATE NORMAL PERIOD 1981 TO 2010
CLIMATE RECORD PERIOD 1870 TO 2015


WEATHER ITEM   OBSERVED TIME   RECORD YEAR NORMAL DEPARTURE LAST
                VALUE   (LST)  VALUE       VALUE  FROM      YEAR
                                                  NORMAL
..................................................................
TEMPERATURE (F)
 YESTERDAY
  MAXIMUM         59    235 PM  92    1994  69    -10       66
  MINIMUM         38    307 AM  35    2001  46     -8       44
  AVERAGE         49                        57     -8       55

PRECIPITATION (IN)
  YESTERDAY        0.00          2.30 1928   0.10  -0.10     0.00
  MONTH TO DATE    3.97                      2.87   1.10     3.98
  SINCE MAR 1      8.64                      6.77   1.87     8.36
  SINCE JAN 1     14.77                     12.72   2.05    15.65

SNOWFALL (IN)
  YESTERDAY        0.0           0.0  2002   0.0    0.0
                                      2001
  MONTH TO DATE    0.0                       0.0    0.0
  SINCE JUL 1     28.7                      20.1    8.6
  SNOW DEPTH       0

DEGREE DAYS
 HEATING
  YESTERDAY       16                         8      8       10
  MONTH TO DATE  294                       330    -36      325
  SINCE MAR 1   1071                       996     75     1138
  SINCE JUL 1   4886                      4591    295     4895

 COOLING
  YESTERDAY        0                         1     -1        0
  MONTH TO DATE    5                         9     -4        7
  SINCE MAR 1      5                        10     -5        7
  SINCE JAN 1      5                        10     -5        7
..................................................................


WIND (MPH)
  HIGHEST WIND SPEED    18   HIGHEST WIND DIRECTION    NW (320)
  HIGHEST GUST SPEED    25   HIGHEST GUST DIRECTION    NW (310)
  AVERAGE WIND SPEED     7.2


SKY COVER
  POSSIBLE SUNSHINE  MM
  AVERAGE SKY COVER 0.7


WEATHER CONDITIONS
 THE FOLLOWING WEATHER WAS RECORDED YESTERDAY.
  NO SIGNIFICANT WEATHER WAS OBSERVED.


RELATIVE HUMIDITY (PERCENT)
 HIGHEST    85           400 AM
 LOWEST     36           400 PM
 AVERAGE    61

..........................................................


THE BALTIMORE MD CLIMATE NORMALS FOR TODAY
                         NORMAL    RECORD    YEAR
 MAXIMUM TEMPERATURE (F)   69        90      1957
 MINIMUM TEMPERATURE (F)   46        33      1998


SUNRISE AND SUNSET
APRIL 28 2015.........SUNRISE   612 AM EDT   SUNSET   757 PM EDT
APRIL 29 2015.........SUNRISE   611 AM EDT   SUNSET   758 PM EDT


-  INDICATES NEGATIVE NUMBERS.
R  INDICATES RECORD WAS SET OR TIED.
MM INDICATES DATA IS MISSING.
T  INDICATES TRACE AMOUNT.




$$
