000
CDUS45 KTFX 010905
CLIBZN


CLIMATE REPORT
NATIONAL WEATHER SERVICE GREAT FALLS MT
302 AM MDT WED APR 1 2015


...................................

...THE BOZEMAN/GALLATIN FIELD MT CLIMATE SUMMARY FOR MARCH 31 2015...

CLIMATE NORMAL PERIOD 1981 TO 2010
CLIMATE RECORD PERIOD 1935 TO 2015


WEATHER ITEM   OBSERVED TIME   RECORD YEAR NORMAL DEPARTURE LAST
                VALUE   (LST)  VALUE       VALUE  FROM      YEAR
                                                  NORMAL
..................................................................
TEMPERATURE (F)
 YESTERDAY
  MAXIMUM         74R   127 PM  74    2004  55     19       45
  MINIMUM         33   1159 PM   1    1936  28      5       24
  AVERAGE         54                        41     13       35

PRECIPITATION (IN)
  YESTERDAY        0.17          0.25 1945   0.04   0.13      T
  MONTH TO DATE    0.47                      0.94  -0.47     1.49
  SINCE OCT 1      2.77                      4.23  -1.46     3.49
  SINCE JAN 1      0.84                      1.85  -1.01     2.44

SNOWFALL (IN)
  YESTERDAY        T             1.2  1971   0.3   -0.3       T
  MONTH TO DATE    2.0                       7.7   -5.7      4.5
  SINCE MAR 1      2.0                       7.7   -5.7      4.5
  SINCE JUL 1     32.4                      30.0    2.4     29.5
  SNOW DEPTH       0

DEGREE DAYS
 HEATING
  YESTERDAY       11                        24    -13       30
  MONTH TO DATE  756                       884   -128      971
  SINCE MAR 1    756                       884   -128      971
  SINCE JUL 1   6338                      6464   -126     6986

 COOLING
  YESTERDAY        0                         0      0        0
  MONTH TO DATE    0                         0      0        0
  SINCE MAR 1      0                         0      0        0
  SINCE JAN 1      0                         0      0        0
..................................................................


WIND (MPH)
  HIGHEST WIND SPEED    37   HIGHEST WIND DIRECTION     N (340)
  HIGHEST GUST SPEED    45   HIGHEST GUST DIRECTION     N (340)
  AVERAGE WIND SPEED    12.3


SKY COVER
  AVERAGE SKY COVER 0.3


WEATHER CONDITIONS
 THE FOLLOWING WEATHER WAS RECORDED YESTERDAY.
  RAIN
  LIGHT RAIN
  LIGHT SNOW
  FOG


RELATIVE HUMIDITY (PERCENT)
 HIGHEST    85
 LOWEST     12
 AVERAGE    49

..........................................................


THE BOZEMAN/GALLATIN FIELD MT CLIMATE NORMALS FOR TODAY
                         NORMAL    RECORD    YEAR
 MAXIMUM TEMPERATURE (F)   55        73      1966
 MINIMUM TEMPERATURE (F)   28        -5      1936


SUNRISE AND SUNSET
APRIL  1 2015.........SUNRISE   705 AM MDT   SUNSET   753 PM MDT
APRIL  2 2015.........SUNRISE   703 AM MDT   SUNSET   754 PM MDT


-  INDICATES NEGATIVE NUMBERS.
R  INDICATES RECORD WAS SET OR TIED.
MM INDICATES DATA IS MISSING.
T  INDICATES TRACE AMOUNT.




$$
