000
CDUS45 KTFX 211004
CLIBZN


CLIMATE REPORT
NATIONAL WEATHER SERVICE GREAT FALLS MT
403 AM MDT TUE APR 21 2015


...................................

...THE BOZEMAN/GALLATIN FIELD MT CLIMATE SUMMARY FOR APRIL 20 2015...

CLIMATE NORMAL PERIOD 1981 TO 2010
CLIMATE RECORD PERIOD 1935 TO 2015


WEATHER ITEM   OBSERVED TIME   RECORD YEAR NORMAL DEPARTURE LAST
                VALUE   (LST)  VALUE       VALUE  FROM      YEAR
                                                  NORMAL
..................................................................
TEMPERATURE (F)
 YESTERDAY
  MAXIMUM         63    429 PM  85    1980  61      2       62
  MINIMUM         28    557 AM  14    1966  32     -4       36
  AVERAGE         46                        46      0       49

PRECIPITATION (IN)
  YESTERDAY        0.00          0.58 1973   0.05  -0.05     0.00
  MONTH TO DATE    0.94                      1.01  -0.07     0.14
  SINCE OCT 1      3.71                      5.24  -1.53     3.63
  SINCE JAN 1      1.78                      2.86  -1.08     2.58

SNOWFALL (IN)
  YESTERDAY        0.0           7.2  1973   0.2   -0.2      0.0
  MONTH TO DATE    5.0                       5.6   -0.6      0.3
  SINCE MAR 1      7.0                      13.3   -6.3      4.8
  SINCE JUL 1     37.4                      35.6    1.8     29.8
  SNOW DEPTH       0

DEGREE DAYS
 HEATING
  YESTERDAY       19                        19      0       16
  MONTH TO DATE  521                       425     96      465
  SINCE MAR 1   1277                      1309    -32     1436
  SINCE JUL 1   6859                      6889    -30     7451

 COOLING
  YESTERDAY        0                         0      0        0
  MONTH TO DATE    0                         0      0        0
  SINCE MAR 1      0                         0      0        0
  SINCE JAN 1      0                         0      0        0
..................................................................


WIND (MPH)
  HIGHEST WIND SPEED    12   HIGHEST WIND DIRECTION     S (160)
  HIGHEST GUST SPEED    15   HIGHEST GUST DIRECTION     E (70)
  AVERAGE WIND SPEED     4.4


SKY COVER
  AVERAGE SKY COVER 0.1


WEATHER CONDITIONS
 THE FOLLOWING WEATHER WAS RECORDED YESTERDAY.
  NO SIGNIFICANT WEATHER WAS OBSERVED.


RELATIVE HUMIDITY (PERCENT)
 HIGHEST    78
 LOWEST     23
 AVERAGE    51

..........................................................


THE BOZEMAN/GALLATIN FIELD MT CLIMATE NORMALS FOR TODAY
                         NORMAL    RECORD    YEAR
 MAXIMUM TEMPERATURE (F)   61        82      1994
 MINIMUM TEMPERATURE (F)   32        15      2008
                                             1951


SUNRISE AND SUNSET
APRIL 21 2015.........SUNRISE   629 AM MDT   SUNSET   819 PM MDT
APRIL 22 2015.........SUNRISE   627 AM MDT   SUNSET   820 PM MDT


-  INDICATES NEGATIVE NUMBERS.
R  INDICATES RECORD WAS SET OR TIED.
MM INDICATES DATA IS MISSING.
T  INDICATES TRACE AMOUNT.




$$
