000
CDAK48 PACD 070024
CLICDB

CLIMATE REPORT
NATIONAL WEATHER SERVICE COLD BAY, AK
424 PM AKDT WED MAY 6 2015

...................................
...THE COLD BAY AP CLIMATE SUMMARY FOR MAY 6 2015...
VALID TODAY AS OF 2:00 PM LOCAL TIME

CLIMATE NORMAL PERIOD  1981 TO  2010
CLIMATE RECORD PERIOD  1942 TO  2015

WEATHER ITEM   OBSERVED TIME    RECORD YEAR NORMAL DEPARTURE LAST
               VALUE    (LST)   VALUE       VALUE  FROM      YEAR
                                                   NORMAL
...................................................................
TEMPERATURE
TODAY
 MAXIMUM            49  0150 PM    51  2002     44       5     42
 MINIMUM            34  1244 AM    23  2000     33       1     35
 AVERAGE            42                          38       4     39

PRECIPITATION
(INCHES)
 TODAY            0.00           1.05  1954   0.07   -0.07   0.05
 MONTH TO DATE    0.09                        0.45   -0.36   0.10
 SINCE MAR 1      5.20                        5.57   -0.37   3.36
 SINCE JAN 1      7.71                       11.71   -4.00  11.81

SNOWFALL
(INCHES)
 TODAY             0.0            2.0  1970    0.1    -0.1    0.0
 MONTH TO DATE     0.0                         0.5    -0.5    0.0
 SINCE MAR 1      13.6                        20.1    -6.5    8.2
 SINCE JUL 1      22.3                        72.3   -50.0   37.3
 SNOW DEPTH (IN)     0                                          0

DEGREE DAYS
 HEATING
  TODAY             23                          27      -4     26
  MONTH TO DATE    146                         163     -17    142
  SINCE MAR 1     1994                        2172    -178   1879
  SINCE JUL 1     7367                        8396   -1029   7023

 COOLING
  TODAY              0                           0       0      0
  MONTH TO DATE      0                           0       0      0
  SINCE MAR 1        0                           0       0      0
  SINCE JAN 1        0                           0       0      0
...................................................................

WIND (MPH)
 HIGHEST WIND SPEED    14     HIGHEST WIND DIRECTION    290
 HIGHEST GUST SPEED    19     HIGHEST GUST DIRECTION    320
 AVERAGE WIND SPEED    MM

WEATHER CONDITIONS
 THE FOLLOWING WEATHER WAS RECORDED TODAY.
NO SIGNIFICANT WEATHER WAS OBSERVED.

...................................................................

THE COLD BAY CLIMATE NORMALS FOR TOMORROW
                        NORMAL    RECORD   YEAR
 MAXIMUM TEMPERATURE      44        58     1997
 MINIMUM TEMPERATURE      33        23     2006

SUNRISE AND SUNSET
 MAY 6 2015..........SUNRISE  7:00 AM      SUNSET 10:38 PM
 MAY 7 2015..........SUNRISE  6:58 AM      SUNSET 10:39 PM

-  INDICATES NEGATIVE NUMBERS.
R  INDICATES RECORD HAS BEEN SET OR TIED.
MM INDICATES DATA IS MISSING.
T  INDICATES TRACE OF PRECIPITATION.

&&
-------------------------------------------------------------------

AMOUNT OF DAYLIGHT TODAY  (HOUR:MIN)........15 HOURS 38 MINUTES
GAIN SINCE YESTERDAY (HOUR:MIN:SEC).........+0:03:58

$$
DK MAY 15
