000
CDUS41 KLWX 060528
CLICHO


CLIMATE REPORT
NATIONAL WEATHER SERVICE BALTIMORE MD/WASHINGTON DC
127 AM EDT WED MAY 6 2015


...................................

...THE CHARLOTTESVILLE VA CLIMATE SUMMARY FOR MAY 5 2015...

CLIMATE NORMAL PERIOD 1981 TO 2010
CLIMATE RECORD PERIOD 1889 TO 2015


WEATHER ITEM   OBSERVED TIME   RECORD YEAR NORMAL DEPARTURE LAST
                VALUE   (LST)  VALUE       VALUE  FROM      YEAR
                                                  NORMAL
..................................................................
TEMPERATURE (F)
 YESTERDAY
  MAXIMUM         85    221 PM  MM      MM  72     13       62
  MINIMUM         54    537 AM  MM      MM  48      6       46
  AVERAGE         70                        60     10       54

PRECIPITATION (IN)
  YESTERDAY        0.04                      0.11  -0.07     0.05
  MONTH TO DATE    0.36                      0.54  -0.18     0.05
  SINCE MAR 1      8.54                      7.56   0.98     8.37
  SINCE JAN 1     11.20                     13.03  -1.83    13.46

DEGREE DAYS
 HEATING
  YESTERDAY        0                         6     -6       11
  MONTH TO DATE   15                        31    -16       20
  SINCE MAR 1    865                       931    -66     1042
  SINCE JUL 1   4380                      4343     37     4551

 COOLING
  YESTERDAY        5                         1      4        0
  MONTH TO DATE    5                         5      0        3
  SINCE MAR 1     13                        26    -13       12
  SINCE JAN 1     13                        26    -13       12
..................................................................


WIND (MPH)
  HIGHEST WIND SPEED    15   HIGHEST WIND DIRECTION     N (20)
  HIGHEST GUST SPEED    22   HIGHEST GUST DIRECTION     N (20)
  AVERAGE WIND SPEED     4.8


SKY COVER
  POSSIBLE SUNSHINE  MM
  AVERAGE SKY COVER 0.3


WEATHER CONDITIONS
 THE FOLLOWING WEATHER WAS RECORDED YESTERDAY.
  THUNDERSTORM
  LIGHT RAIN
  FOG


RELATIVE HUMIDITY (PERCENT)
 HIGHEST    93           600 AM
 LOWEST     32           100 PM
 AVERAGE    63

..........................................................


THE CHARLOTTESVILLE VA CLIMATE NORMALS FOR TODAY
                         NORMAL    RECORD    YEAR
 MAXIMUM TEMPERATURE (F)   73        MM        MM
 MINIMUM TEMPERATURE (F)   49        MM        MM


SUNRISE AND SUNSET
MAY  6 2015...........SUNRISE   612 AM EDT   SUNSET   809 PM EDT
MAY  7 2015...........SUNRISE   611 AM EDT   SUNSET   810 PM EDT


-  INDICATES NEGATIVE NUMBERS.
R  INDICATES RECORD WAS SET OR TIED.
MM INDICATES DATA IS MISSING.
T  INDICATES TRACE AMOUNT.




$$
