000
CDUS42 KCHS 030518
CLICHS


CLIMATE REPORT
NATIONAL WEATHER SERVICE CHARLESTON SC
117 AM EDT SUN MAY 3 2015


...................................

...THE NORTH CHARLESTON SC CLIMATE SUMMARY FOR MAY 2 2015...

CLIMATE NORMAL PERIOD 1981 TO 2010
CLIMATE RECORD PERIOD 1938 TO 2015


WEATHER ITEM   OBSERVED TIME   RECORD YEAR NORMAL DEPARTURE LAST
                VALUE   (LST)  VALUE       VALUE  FROM      YEAR
                                                  NORMAL
..................................................................
TEMPERATURE (F)
 YESTERDAY
  MAXIMUM         79    339 PM  95    1990  80     -1       69
  MINIMUM         48    454 AM  36    1963  58    -10       62
  AVERAGE         64                        69     -5       66

PRECIPITATION (IN)
  YESTERDAY        0.00          1.95 1964   0.09  -0.09      T
  MONTH TO DATE    0.00                      0.18  -0.18      T
  SINCE MAR 1      5.93                      6.80  -0.87    10.91
  SINCE JAN 1     13.86                     13.47   0.39    15.76

SNOWFALL (IN)
  YESTERDAY        0.0                       0.0    0.0
  SINCE MAR 1      0.0                       0.0    0.0
  SINCE JUL 1      T                         0.5   -0.5

DEGREE DAYS
 HEATING
  YESTERDAY        1                         1      0        0
  MONTH TO DATE    4                         2      2        0
  SINCE MAR 1    210                       329   -119      352
  SINCE JUL 1   1947                      1965    -18     1875

 COOLING
  YESTERDAY        0                         5     -5        1
  MONTH TO DATE    0                        10    -10       12
  SINCE MAR 1    160                       121     39      160
  SINCE JAN 1    164                       128     36      170
..................................................................


WIND (MPH)
  HIGHEST WIND SPEED    16   HIGHEST WIND DIRECTION     N (10)
  HIGHEST GUST SPEED    23   HIGHEST GUST DIRECTION     N (10)
  AVERAGE WIND SPEED     5.7


SKY COVER
  POSSIBLE SUNSHINE  MM
  AVERAGE SKY COVER 0.1


WEATHER CONDITIONS
 THE FOLLOWING WEATHER WAS RECORDED YESTERDAY.
  NO SIGNIFICANT WEATHER WAS OBSERVED.


RELATIVE HUMIDITY (PERCENT)
 HIGHEST    93           200 AM
 LOWEST     28           400 PM
 AVERAGE    61

..........................................................


THE NORTH CHARLESTON SC CLIMATE NORMALS FOR TODAY
                         NORMAL    RECORD    YEAR
 MAXIMUM TEMPERATURE (F)   80        93      1959
 MINIMUM TEMPERATURE (F)   58        40      1939


SUNRISE AND SUNSET
MAY  3 2015...........SUNRISE   631 AM EDT   SUNSET   803 PM EDT
MAY  4 2015...........SUNRISE   630 AM EDT   SUNSET   804 PM EDT


-  INDICATES NEGATIVE NUMBERS.
R  INDICATES RECORD WAS SET OR TIED.
MM INDICATES DATA IS MISSING.
T  INDICATES TRACE AMOUNT.

$$
