000
CDUS41 KGYX 270831
CLICON


CLIMATE REPORT
NATIONAL WEATHER SERVICE GRAY ME
431 AM EDT MON APR 27 2015


...................................

...THE CONCORD NH CLIMATE SUMMARY FOR APRIL 26 2015...

CLIMATE NORMAL PERIOD 1981 TO 2010
CLIMATE RECORD PERIOD 1868 TO 2015


WEATHER ITEM   OBSERVED TIME   RECORD YEAR NORMAL DEPARTURE LAST
                VALUE   (LST)  VALUE       VALUE  FROM      YEAR
                                                  NORMAL
..................................................................
TEMPERATURE (F)
 YESTERDAY
  MAXIMUM         56    424 PM  85    1915  62     -6       49
  MINIMUM         33    503 AM  19    1893  36     -3       39
  AVERAGE         45                        49     -4       44

PRECIPITATION (IN)
  YESTERDAY        0.00          1.12 1910   0.11  -0.11     0.22
  MONTH TO DATE    2.23                      2.94  -0.71     2.09
  SINCE MAR 1      3.71                      6.21  -2.50     6.07
  SINCE JAN 1      9.77                     11.53  -1.76    13.39

SNOWFALL (IN)
  YESTERDAY        0.0           6.0  1874   0.0    0.0      0.0
  MONTH TO DATE    2.1                       2.7   -0.6      0.2
  SINCE MAR 1      7.9                      13.8   -5.9     10.6
  SINCE JUL 1     92.1                      61.3   30.8     80.4
  SNOW DEPTH       0

DEGREE DAYS
 HEATING
  YESTERDAY       20                        16      4       21
  MONTH TO DATE  558                       540     18      536
  SINCE MAR 1   1706                      1527    179     1750
  SINCE JUL 1   7160                      6787    373     7219

 COOLING
  YESTERDAY        0                         0      0        0
  MONTH TO DATE    0                         0      0        0
  SINCE MAR 1      0                         0      0        0
  SINCE JAN 1      0                         0      0        0
..................................................................


WIND (MPH)
  RESULTANT WIND SPEED   7   RESULTANT WIND DIRECTION  NW (320)
  HIGHEST WIND SPEED    21   HIGHEST WIND DIRECTION     N (360)
  HIGHEST GUST SPEED    26   HIGHEST GUST DIRECTION     N (360)
  AVERAGE WIND SPEED     7.4


SKY COVER
  AVERAGE SKY COVER 1.0


WEATHER CONDITIONS
 THE FOLLOWING WEATHER WAS RECORDED YESTERDAY.
  NO SIGNIFICANT WEATHER WAS OBSERVED.


RELATIVE HUMIDITY (PERCENT)
 HIGHEST    82           300 AM
 LOWEST     35           300 PM
 AVERAGE    59

..........................................................


THE CONCORD NH CLIMATE NORMALS FOR TODAY
                         NORMAL    RECORD    YEAR
 MAXIMUM TEMPERATURE (F)   63        92      1990
 MINIMUM TEMPERATURE (F)   36        21      1974
                                             1972


SUNRISE AND SUNSET
APRIL 27 2015.........SUNRISE   546 AM EDT   SUNSET   742 PM EDT
APRIL 28 2015.........SUNRISE   544 AM EDT   SUNSET   744 PM EDT


-  INDICATES NEGATIVE NUMBERS.
R  INDICATES RECORD WAS SET OR TIED.
MM INDICATES DATA IS MISSING.
T  INDICATES TRACE AMOUNT.




$$
