000
CDUS42 KILM 070847
CLICRE


CLIMATE REPORT
NATIONAL WEATHER SERVICE WILMINGTON NC
447 AM EDT THU MAY 7 2015


...................................

...THE NORTH MYRTLE BEACH SC CLIMATE SUMMARY FOR MAY 6 2015...

CLIMATE NORMAL PERIOD 1981 TO 2010
CLIMATE RECORD PERIOD 1949 TO 2015


WEATHER ITEM   OBSERVED TIME   RECORD YEAR NORMAL DEPARTURE LAST
                VALUE   (LST)  VALUE       VALUE  FROM      YEAR
                                                  NORMAL
..................................................................
TEMPERATURE (F)
 YESTERDAY
  MAXIMUM         78   1133 AM  93    1952  77      1       89
  MINIMUM         57    359 AM  44    1954  58     -1       64
  AVERAGE         68                        67      1       77

PRECIPITATION (IN)
  YESTERDAY        0.00                      0.10  -0.10     0.00
  MONTH TO DATE    T                         0.60  -0.60      T
  SINCE MAR 1      6.07                      7.48  -1.41     7.27
  SINCE JAN 1     13.26                     14.59  -1.33    11.39

DEGREE DAYS
 HEATING
  YESTERDAY        0                         1     -1        0
  MONTH TO DATE    8                        11     -3        0
  SINCE MAR 1    363                       490   -127      553
  SINCE JUL 1   2418                      2434    -16     2577

 COOLING
  YESTERDAY        3                         4     -1       12
  MONTH TO DATE    3                        19    -16       39
  SINCE MAR 1     55                        61     -6       81
  SINCE JAN 1     56                        61     -5       81
..................................................................


WIND (MPH)
  HIGHEST WIND SPEED    20   HIGHEST WIND DIRECTION     E (100)
  HIGHEST GUST SPEED    25   HIGHEST GUST DIRECTION     E (90)
  AVERAGE WIND SPEED     8.7


SKY COVER
  POSSIBLE SUNSHINE  MM
  AVERAGE SKY COVER 0.1


WEATHER CONDITIONS
 THE FOLLOWING WEATHER WAS RECORDED YESTERDAY.
  FOG
  HAZE


RELATIVE HUMIDITY (PERCENT)
 HIGHEST    93           300 AM
 LOWEST     53           500 PM
 AVERAGE    73

..........................................................


THE NORTH MYRTLE BEACH SC CLIMATE NORMALS FOR TODAY
                         NORMAL    RECORD    YEAR
 MAXIMUM TEMPERATURE (F)   77        86      1950
 MINIMUM TEMPERATURE (F)   58        45      2005


SUNRISE AND SUNSET
MAY  7 2015...........SUNRISE   621 AM EDT   SUNSET   803 PM EDT
MAY  8 2015...........SUNRISE   620 AM EDT   SUNSET   804 PM EDT


-  INDICATES NEGATIVE NUMBERS.
R  INDICATES RECORD WAS SET OR TIED.
MM INDICATES DATA IS MISSING.
T  INDICATES TRACE AMOUNT.




$$
