000
CDUS42 KTAE 050632
CLICTY


CLIMATE REPORT
NATIONAL WEATHER SERVICE TALLAHASSEE FL
232 AM EDT TUE MAY 5 2015


...................................

...THE CROSS CITY  CLIMATE SUMMARY FOR MAY 4 2015...

CLIMATE NORMAL PERIOD 1981 TO 2010
CLIMATE RECORD PERIOD 1948 TO 2015


WEATHER ITEM   OBSERVED TIME   NORMAL DEPARTURE LAST
                VALUE   (LST)  VALUE  FROM      YEAR
                                      NORMAL
......................................................
TEMPERATURE (F)
 YESTERDAY
  MAXIMUM         85    248 PM  85      0       MM
  MINIMUM         50    511 AM  58     -8       MM
  AVERAGE         68            71     -3

PRECIPITATION (IN)
  YESTERDAY        0.00          0.07  -0.07     0.00
  MONTH TO DATE    0.00          0.25  -0.25     0.61
  SINCE MAR 1      3.31          7.42  -4.11     9.62
  SINCE JAN 1      9.28         14.73  -5.45    19.77

DEGREE DAYS
 HEATING
  YESTERDAY        0             0      0
  MONTH TO DATE    1             0      1
  SINCE MAR 1     53           183   -130
  SINCE JUL 1   1213          1303    -90

 COOLING
  YESTERDAY        3             6     -3
  MONTH TO DATE   11            24    -13
  SINCE MAR 1    443           179    264
  SINCE JAN 1    459           206    253
......................................................


WIND (MPH)
  RESULTANT WIND SPEED   4   RESULTANT WIND DIRECTION   E (80)
  HIGHEST WIND SPEED    15   HIGHEST WIND DIRECTION     E (80)
  HIGHEST GUST SPEED    22   HIGHEST GUST DIRECTION     E (110)
  AVERAGE WIND SPEED     4.6



WEATHER CONDITIONS
 THE FOLLOWING WEATHER WAS RECORDED YESTERDAY.
  NO SIGNIFICANT WEATHER WAS OBSERVED.


RELATIVE HUMIDITY (PERCENT)
 HIGHEST    89
 LOWEST     40

..........................................................




SUNRISE AND SUNSET
MAY  5 2015...........SUNRISE   647 AM EDT   SUNSET   812 PM EDT
MAY  6 2015...........SUNRISE   646 AM EDT   SUNSET   812 PM EDT


-  INDICATES NEGATIVE NUMBERS.
R  INDICATES RECORD WAS SET OR TIED.
MM INDICATES DATA IS MISSING.
T  INDICATES TRACE AMOUNT.




$$
