000
CDUS46 KSGX 260053
CLICZZ


CLIMATE REPORT
NATIONAL WEATHER SERVICE SAN DIEGO, CA
543 PM PDT SAT APR 25 2015


...................................

...THE CAMPO ASOS CA CLIMATE SUMMARY FOR APRIL 25 2015...
VALID TODAY AS OF 0500 PM LOCAL TIME.

CLIMATE NORMAL PERIOD 1981 TO 2010
CLIMATE RECORD PERIOD 1948 TO 2015


WEATHER ITEM   OBSERVED TIME   RECORD YEAR NORMAL DEPARTURE LAST
                VALUE   (LST)  VALUE       VALUE  FROM      YEAR
                                                  NORMAL
..................................................................
TEMPERATURE (F)
 TODAY
  MAXIMUM         55    335 PM  90    2000  75    -20       69
  MINIMUM         48    622 AM  23    1961  39      9       36
  AVERAGE         52                        57     -5       53

PRECIPITATION (IN)
  TODAY            0.00          0.80 1951   0.02  -0.02     0.03
  MONTH TO DATE    0.09                      0.85  -0.76     0.31
  SINCE OCT 1      6.44                     13.97  -7.53     4.63
  SINCE JAN 1      2.57                      9.75  -7.18     2.38

SNOWFALL (IN)
  TODAY            0.0
  MONTH TO DATE    0.0
  SINCE MAR 1      0.0
  SINCE JUL 1      0.0
  SNOW DEPTH       0

DEGREE DAYS
 HEATING
  TODAY           13                         8      5       12
  MONTH TO DATE  267                       261      6      220
  SINCE MAR 1    562                       678   -116      592
  SINCE JUL 1   2198                      2729   -531     2462

 COOLING
  TODAY            0                         0      0        0
  MONTH TO DATE    0                         0      0        1
  SINCE MAR 1      0                         0      0        1
  SINCE JAN 1      0                         0      0        1
..................................................................


WIND (MPH)
  RESULTANT WIND SPEED  14   RESULTANT WIND DIRECTION  SW (230)
  HIGHEST WIND SPEED    28   HIGHEST WIND DIRECTION    SW (230)
  HIGHEST GUST SPEED    34   HIGHEST GUST DIRECTION    SW (230)
  AVERAGE WIND SPEED    14.4


SKY COVER
  POSSIBLE SUNSHINE  MM
  AVERAGE SKY COVER 0.0



RELATIVE HUMIDITY (PERCENT)
 HIGHEST    93          1200 AM
 LOWEST     71          1200 PM
 AVERAGE    82

..........................................................


THE CAMPO ASOS CA CLIMATE NORMALS FOR TOMORROW
                         NORMAL    RECORD    YEAR
 MAXIMUM TEMPERATURE (F)   75        95      1996
 MINIMUM TEMPERATURE (F)   39        21      1974


SUNRISE AND SUNSET
APRIL 25 2015.........SUNRISE   605 AM PDT   SUNSET   723 PM PDT
APRIL 26 2015.........SUNRISE   604 AM PDT   SUNSET   724 PM PDT


-  INDICATES NEGATIVE NUMBERS.
R  INDICATES RECORD WAS SET OR TIED.
MM INDICATES DATA IS MISSING.
T  INDICATES TRACE AMOUNT.




$$
