000
CDUS43 KUNR 050834
CLID07


CLIMATE REPORT
NATIONAL WEATHER SERVICE RAPID CITY SD
232 AM MDT TUE MAY 5 2015


...................................

...THE FAITH SD CLIMATE SUMMARY FOR MAY 4 2015...

CLIMATE NORMAL PERIOD 1981 TO 2010
CLIMATE RECORD PERIOD 9999 TO 9999


WEATHER ITEM   OBSERVED TIME   NORMAL DEPARTURE LAST
                VALUE   (LST)  VALUE  FROM      YEAR
                                      NORMAL
......................................................
TEMPERATURE (F)
 YESTERDAY
  MAXIMUM         56    904 AM  64     -8       50
  MINIMUM         41   1200 AM  40      1       32
  AVERAGE         49            52     -3       41

PRECIPITATION (IN)
  YESTERDAY        0.14          0.09   0.05     0.00
  MONTH TO DATE    0.14          0.38  -0.24     0.00
  SINCE MAR 1      0.79          2.99  -2.20     2.07
  SINCE JAN 1      1.22          3.61  -2.39     2.97

DEGREE DAYS
 HEATING
  YESTERDAY       16            13      3       24
  MONTH TO DATE   33            55    -22       75
  SINCE MAR 1   1298          1666   -368     1801
  SINCE JUL 1   6797          7354   -557     7887

 COOLING
  YESTERDAY        0             0      0        0
  MONTH TO DATE    0             0      0        0
  SINCE MAR 1      2             1      1        0
  SINCE JAN 1      2             1      1        0
......................................................


WIND (MPH)
  HIGHEST WIND SPEED    15   HIGHEST WIND DIRECTION    SE (140)
  HIGHEST GUST SPEED    19   HIGHEST GUST DIRECTION    SE (130)
  AVERAGE WIND SPEED     9.9




RELATIVE HUMIDITY (PERCENT)
 HIGHEST    80          1100 AM
 LOWEST     27           900 AM
 AVERAGE    54

..........................................................




SUNRISE AND SUNSET
MAY  5 2015...........SUNRISE   532 AM MDT   SUNSET   758 PM MDT
MAY  6 2015...........SUNRISE   531 AM MDT   SUNSET   800 PM MDT


-  INDICATES NEGATIVE NUMBERS.
R  INDICATES RECORD WAS SET OR TIED.
MM INDICATES DATA IS MISSING.
T  INDICATES TRACE AMOUNT.




$$
