000
CDUS45 KBOU 030758
CLIDEN


CLIMATE REPORT
NATIONAL WEATHER SERVICE DENVER CO
157 AM MDT SUN MAY 3 2015


...................................

...THE DENVER CO CLIMATE SUMMARY FOR MAY 2 2015...

CLIMATE NORMAL PERIOD 1981 TO 2010
CLIMATE RECORD PERIOD 1872 TO 2015


WEATHER ITEM   OBSERVED TIME   RECORD YEAR NORMAL DEPARTURE LAST
                VALUE   (LST)  VALUE       VALUE  FROM      YEAR
                                                  NORMAL
..................................................................
TEMPERATURE (F)
 YESTERDAY
  MAXIMUM         76   1209 PM  90    1879  66     10       77
  MINIMUM         47   1232 AM  19    2013  38      9       38
  AVERAGE         62                        52     10       58

PRECIPITATION (IN)
  YESTERDAY        T             1.63 1979   0.06  -0.06     0.00
  MONTH TO DATE    0.02                      0.13  -0.11     0.00
  SINCE MAR 1      3.46                      2.76   0.70     2.07
  SINCE JAN 1      5.09                      3.54   1.55     3.20

SNOWFALL (IN)
  YESTERDAY        0.0
  MONTH TO DATE      0
  SINCE MAR 1      8.2
  SINCE JUL 1     53.8
  SNOW DEPTH       0


DEGREE DAYS
 HEATING
  YESTERDAY        3                        13    -10        7
  MONTH TO DATE   12                        26    -14       24
  SINCE MAR 1   1104                      1318   -214     1235
  SINCE JUL 1   5217                      5757   -540     5754

 COOLING
  YESTERDAY        0                         0      0        0
  MONTH TO DATE    0                         0      0        0
  SINCE MAR 1      0                         1     -1        0
  SINCE JAN 1      0                         1     -1        0
..................................................................


WIND (MPH)
  HIGHEST WIND SPEED    45   HIGHEST WIND DIRECTION     W (280)
  HIGHEST GUST SPEED    54   HIGHEST GUST DIRECTION     W (280)
  AVERAGE WIND SPEED    10.2


SKY COVER **
  POSSIBLE SUNSHINE  MM
  AVERAGE SKY COVER 0.7


WEATHER CONDITIONS
 THE FOLLOWING WEATHER WAS RECORDED YESTERDAY.
  THUNDERSTORM
  LIGHT RAIN


RELATIVE HUMIDITY (PERCENT)
 HIGHEST    77          1200 AM
 LOWEST     19          1100 AM
 AVERAGE    48

..........................................................


THE DENVER CO CLIMATE NORMALS FOR TODAY
                         NORMAL    RECORD    YEAR
 MAXIMUM TEMPERATURE (F)   67        86      1949
 MINIMUM TEMPERATURE (F)   38        19      1907


SUNRISE AND SUNSET
MAY  3 2015...........SUNRISE   557 AM MST   SUNSET   754 PM MST
MAY  4 2015...........SUNRISE   556 AM MST   SUNSET   755 PM MST


-  INDICATES NEGATIVE NUMBERS.
R  INDICATES RECORD WAS SET OR TIED.
MM INDICATES DATA IS MISSING.
T  INDICATES TRACE AMOUNT.

&&

** SUNSHINE DATA WILL NO LONGER BE AVAILABLE EFFECTIVE OCTOBER 1ST 2009.




$$
