000
CDUS44 KFWD 270644
CLIDFW


CLIMATE REPORT
NATIONAL WEATHER SERVICE FORT WORTH TX
144 AM CDT MON APR 27 2015


...................................

...THE DALLAS FORT WORTH CLIMATE SUMMARY FOR APRIL 26 2015...

CLIMATE NORMAL PERIOD 1981 TO 2010
CLIMATE RECORD PERIOD 1898 TO 2015


WEATHER ITEM   OBSERVED TIME   RECORD YEAR NORMAL DEPARTURE LAST
                VALUE   (LST)  VALUE       VALUE  FROM      YEAR
                                                  NORMAL
..................................................................
TEMPERATURE (F)
 YESTERDAY
  MAXIMUM         84    116 PM  90    1955  79      5       84
  MINIMUM         58    558 AM  39    1910  58      0       61
  AVERAGE         71                        68      3       73

PRECIPITATION (IN)
  YESTERDAY        0.02          4.55 1957   0.13  -0.11     0.00
  MONTH TO DATE    4.68                      2.55   2.13     1.66
  SINCE MAR 1      7.21                      6.04   1.17     3.11
  SINCE JAN 1     13.79                     10.83   2.96     3.85

SNOWFALL (IN)
  YESTERDAY        0.0           0.0    MM   0.0    0.0      0.0
  MONTH TO DATE    0.0                       0.0    0.0      0.0
  SINCE MAR 1      3.5                       0.2    3.3      0.1
  SINCE JUL 1      5.8                       1.2    4.6      2.9
  SNOW DEPTH       0

DEGREE DAYS
 HEATING
  YESTERDAY        0                         1     -1        0
  MONTH TO DATE   41                        79    -38       94
  SINCE MAR 1    342                       340      2      415
  SINCE JUL 1   2378                      2272    106     2588

 COOLING
  YESTERDAY        6                         5      1        8
  MONTH TO DATE   89                        79     10      117
  SINCE MAR 1    123                       111     12      139
  SINCE JAN 1    123                       118      5      139
..................................................................


WIND (MPH)
  HIGHEST WIND SPEED    28   HIGHEST WIND DIRECTION     E (110)
  HIGHEST GUST SPEED    34   HIGHEST GUST DIRECTION     E (110)
  AVERAGE WIND SPEED     8.9


SKY COVER
  POSSIBLE SUNSHINE  MM
  AVERAGE SKY COVER 0.5


WEATHER CONDITIONS
 THE FOLLOWING WEATHER WAS RECORDED YESTERDAY.
  THUNDERSTORM
  LIGHT RAIN


RELATIVE HUMIDITY (PERCENT)
 HIGHEST    90           700 AM
 LOWEST     54           400 PM
 AVERAGE    72

..........................................................


THE DALLAS FORT WORTH CLIMATE NORMALS FOR TODAY
                         NORMAL    RECORD    YEAR
 MAXIMUM TEMPERATURE (F)   79        92      1987
 MINIMUM TEMPERATURE (F)   58        44      1920


SUNRISE AND SUNSET
APRIL 27 2015.........SUNRISE   645 AM CDT   SUNSET   807 PM CDT
APRIL 28 2015.........SUNRISE   644 AM CDT   SUNSET   808 PM CDT


-  INDICATES NEGATIVE NUMBERS.
R  INDICATES RECORD WAS SET OR TIED.
MM INDICATES DATA IS MISSING.
T  INDICATES TRACE AMOUNT.




$$
