000
CDUS43 KDDC 012327
CLIDGC


CLIMATE REPORT
NATIONAL WEATHER SERVICE DODGE CITY KS
627 PM CDT WED APR 1 2015


...................................

...THE DODGE CITY KS CLIMATE SUMMARY FOR APRIL 1 2015...
VALID TODAY AS OF 0500 PM LOCAL TIME.

CLIMATE NORMAL PERIOD 1981 TO 2010
CLIMATE RECORD PERIOD 1875 TO 2015


WEATHER ITEM   OBSERVED TIME   RECORD YEAR NORMAL DEPARTURE LAST
                VALUE   (LST)  VALUE       VALUE  FROM      YEAR
                                                  NORMAL
..................................................................
TEMPERATURE (F)
 TODAY
  MAXIMUM         88    301 PM  89    2012  63     25       58
  MINIMUM         52    459 AM  14    1881  35     17       24
  AVERAGE         70                        49     21       41

PRECIPITATION (IN)
  TODAY            0.00          1.21 1988   0.06  -0.06     0.00
  MONTH TO DATE    0.00                      0.06  -0.06     0.00
  SINCE MAR 1      0.29                      1.65  -1.36     0.27
  SINCE JAN 1      1.59                      2.91  -1.32     1.11

SNOWFALL (IN)
  TODAY            0.0           4.0  1901   0.1   -0.1      0.0
  MONTH TO DATE    0.0                       0.1   -0.1      0.0
  SINCE MAR 1      T                         5.0   -5.0      4.4
  SINCE JUL 1     21.4                      20.1    1.3     28.9
  SNOW DEPTH       0

DEGREE DAYS
 HEATING
  TODAY            0                        16    -16       24
  MONTH TO DATE    0                        16    -16       24
  SINCE MAR 1    504                       656   -152      776
  SINCE JUL 1   4252                      4503   -251     4933

 COOLING
  TODAY            5                         0      5        0
  MONTH TO DATE    5                         0      5        0
  SINCE MAR 1      5                         1      4        0
  SINCE JAN 1      5                         1      4        0
..................................................................


WIND (MPH)
  HIGHEST WIND SPEED    29   HIGHEST WIND DIRECTION     S (190)
  HIGHEST GUST SPEED    37   HIGHEST GUST DIRECTION     S (180)
  AVERAGE WIND SPEED    16.7


SKY COVER
  POSSIBLE SUNSHINE  MM
  AVERAGE SKY COVER 0.0


WEATHER CONDITIONS
 THE FOLLOWING WEATHER WAS RECORDED TODAY.
  HAZE


RELATIVE HUMIDITY (PERCENT)
 HIGHEST    71           500 AM
 LOWEST     14           500 PM
 AVERAGE    43

..........................................................


THE DODGE CITY KS CLIMATE NORMALS FOR TOMORROW
                         NORMAL    RECORD    YEAR
 MAXIMUM TEMPERATURE (F)   63        89      2003
 MINIMUM TEMPERATURE (F)   36         9      1936


SUNRISE AND SUNSET
APRIL  1 2015.........SUNRISE   726 AM CDT   SUNSET   803 PM CDT
APRIL  2 2015.........SUNRISE   724 AM CDT   SUNSET   804 PM CDT


-  INDICATES NEGATIVE NUMBERS.
R  INDICATES RECORD WAS SET OR TIED.
MM INDICATES DATA IS MISSING.
T  INDICATES TRACE AMOUNT.




$$
