000
CDUS45 KCYS 050727
CLIDGW


CLIMATE REPORT
NATIONAL WEATHER SERVICE CHEYENNE WY
127 AM MDT TUE MAY 5 2015


...................................

...THE DOUGLAS WY AIRPORT CLIMATE SUMMARY FOR MAY 4 2015...

CLIMATE NORMAL PERIOD 1981 TO 2010
CLIMATE RECORD PERIOD 1998 TO 2015


WEATHER ITEM   OBSERVED TIME   RECORD YEAR NORMAL DEPARTURE LAST
                VALUE   (LST)  VALUE       VALUE  FROM      YEAR
                                                  NORMAL
..................................................................
TEMPERATURE (F)
 YESTERDAY
  MAXIMUM         59   1258 PM  86    2000  64     -5       80
  MINIMUM         45   1159 PM  28    2008  34     11       44
                                      2002
  AVERAGE         52                        49      3       62

PRECIPITATION (IN)
  YESTERDAY        0.01          0.19 2006   0.08  -0.07     0.00
  MONTH TO DATE    0.22                      0.33  -0.11     0.00
  SINCE JAN 1      4.85                      3.48   1.37     3.55

DEGREE DAYS
 HEATING
  YESTERDAY       13                        16     -3        3
  MONTH TO DATE   40                        66    -26       38
  SINCE MAR 1   1402                      1623   -221     1567
  SINCE JUL 1   6405                      7023   -618     7157

 COOLING
  YESTERDAY        0                         0      0        0
  MONTH TO DATE    0                         0      0        0
  SINCE MAR 1      1                         0      1        0
  SINCE JAN 1      1                         0      1        0
..................................................................


WIND (MPH)
  HIGHEST WIND SPEED    29   HIGHEST WIND DIRECTION    SE (140)
  HIGHEST GUST SPEED    36   HIGHEST GUST DIRECTION    SE (140)
  AVERAGE WIND SPEED    17.8


SKY COVER
  AVERAGE SKY COVER 0.4


WEATHER CONDITIONS
 THE FOLLOWING WEATHER WAS RECORDED YESTERDAY.
  LIGHT RAIN


RELATIVE HUMIDITY (PERCENT)
 HIGHEST    89          1200 AM
 LOWEST     57          1100 AM
 AVERAGE    73

..........................................................


THE DOUGLAS WY AIRPORT CLIMATE NORMALS FOR TODAY
                         NORMAL    RECORD    YEAR
 MAXIMUM TEMPERATURE (F)   64        89      2000
 MINIMUM TEMPERATURE (F)   35        22      2011
                                             2010


SUNRISE AND SUNSET
MAY  5 2015...........SUNRISE   551 AM MDT   SUNSET   806 PM MDT
MAY  6 2015...........SUNRISE   549 AM MDT   SUNSET   807 PM MDT


-  INDICATES NEGATIVE NUMBERS.
R  INDICATES RECORD WAS SET OR TIED.
MM INDICATES DATA IS MISSING.
T  INDICATES TRACE AMOUNT.




$$
