000
CDUS44 KAMA 261435
CLIDHT


CLIMATE REPORT
NATIONAL WEATHER SERVICE AMARILLO TX
935 AM CDT SUN APR 26 2015


...................................

...THE DALHART CLIMATE SUMMARY FOR APRIL 26 2015...
VALID AS OF 0900 AM LOCAL TIME.

CLIMATE NORMAL PERIOD 1981 TO 2010
CLIMATE RECORD PERIOD 1894 TO 2015


WEATHER ITEM   OBSERVED TIME   RECORD YEAR NORMAL DEPARTURE LAST
                VALUE   (LST)  VALUE       VALUE  FROM      YEAR
                                                  NORMAL
..................................................................
TEMPERATURE (F)
 TODAY
  MINIMUM         43    544 AM  30    2006  41      2       50

PRECIPITATION (IN)
  TODAY            0.00          0.71 1974   0.05  -0.05     0.00
  MONTH TO DATE    0.53                      0.91  -0.38     0.11
  SINCE MAR 1      0.61                      2.08  -1.47     0.20
  SINCE JAN 1      3.92                      3.00   0.92     0.29

SNOWFALL (IN)
  TODAY            0.0           T    1998   0.0    0.0      0.0
  MONTH TO DATE    0.0                       1.1   -1.1      1.0
  SINCE MAR 1      0.8                       5.3   -4.5      2.1
  SINCE JUL 1     34.1                      18.8   15.3     17.4
  SNOW DEPTH       0

..................................................................


WIND (MPH)
  RESULTANT WIND SPEED   2   RESULTANT WIND DIRECTION   N (350)
  HIGHEST WIND SPEED    14   HIGHEST WIND DIRECTION     E (80)
  HIGHEST GUST SPEED    19   HIGHEST GUST DIRECTION     E (70)
  AVERAGE WIND SPEED     4.2


SKY COVER
  AVERAGE SKY COVER 0.0


WEATHER CONDITIONS
 THE FOLLOWING WEATHER WAS RECORDED TODAY.
  NO SIGNIFICANT WEATHER WAS OBSERVED.


RELATIVE HUMIDITY (PERCENT)
 HIGHEST    70           600 AM
 LOWEST     52          1200 AM
 AVERAGE    61

..........................................................


THE DALHART CLIMATE NORMALS FOR TOMORROW
                         NORMAL    RECORD    YEAR
 MAXIMUM TEMPERATURE (F)   73        89      1953
 MINIMUM TEMPERATURE (F)   42        28      1994


SUNRISE AND SUNSET
APRIL 26 2015.........SUNRISE   704 AM CDT   SUNSET   833 PM CDT
APRIL 27 2015.........SUNRISE   702 AM CDT   SUNSET   834 PM CDT


-  INDICATES NEGATIVE NUMBERS.
R  INDICATES RECORD WAS SET OR TIED.
MM INDICATES DATA IS MISSING.
T  INDICATES TRACE AMOUNT.




$$
