000
CDUS43 KEAX 012124
CLIDMO


CLIMATE REPORT
NATIONAL WEATHER SERVICE KANSAS CITY/PLEASANT HILL MO
424 PM CDT WED APR 1 2015


...................................

...THE SEDALIA MO CLIMATE SUMMARY FOR APRIL 1 2015...
VALID AS OF 0400 PM LOCAL TIME.

CLIMATE NORMAL PERIOD 1981 TO 2010
CLIMATE RECORD PERIOD 9999 TO 9999


WEATHER ITEM   OBSERVED TIME   NORMAL DEPARTURE LAST
                VALUE   (LST)  VALUE  FROM      YEAR
                                      NORMAL
......................................................
TEMPERATURE (F)
 TODAY
  MAXIMUM         80   1255 PM  63     17       57
  MINIMUM         49    150 AM  41      8       31
  AVERAGE         65            52     13       44

PRECIPITATION (IN)
  TODAY            0.00          0.09  -0.09     0.04
  MONTH TO DATE    0.00          0.09  -0.09     0.04
  SINCE MAR 1      1.13          2.70  -1.57     0.97
  SINCE JAN 1      3.21          6.30  -3.09     1.91

DEGREE DAYS
 HEATING
  TODAY            0            13    -13       21
  MONTH TO DATE    0            13    -13       21
  SINCE MAR 1    540           598    -58      715
  SINCE JUL 1   4388          4215    173     4934

 COOLING
  TODAY            0             0      0        0
  MONTH TO DATE    0             0      0        0
  SINCE MAR 1      1             3     -2        0
  SINCE JAN 1      1             3     -2        0
......................................................


WIND (MPH)
  HIGHEST WIND SPEED    25   HIGHEST WIND DIRECTION     S (160)
  HIGHEST GUST SPEED    31   HIGHEST GUST DIRECTION     S (190)
  AVERAGE WIND SPEED    15.0


SKY COVER
  AVERAGE SKY COVER 0.1


WEATHER CONDITIONS
 THE FOLLOWING WEATHER WAS RECORDED TODAY.
  HAZE


RELATIVE HUMIDITY (PERCENT)
 HIGHEST    56           200 AM
 LOWEST     28           100 PM
 AVERAGE    42

..........................................................


THE SEDALIA MO CLIMATE NORMALS FOR TOMORROW
                         NORMAL
 MAXIMUM TEMPERATURE (F)   63
 MINIMUM TEMPERATURE (F)   42


SUNRISE AND SUNSET
APRIL  1 2015.........SUNRISE   658 AM CDT   SUNSET   736 PM CDT
APRIL  2 2015.........SUNRISE   656 AM CDT   SUNSET   737 PM CDT


-  INDICATES NEGATIVE NUMBERS.
R  INDICATES RECORD WAS SET OR TIED.
MM INDICATES DATA IS MISSING.
T  INDICATES TRACE AMOUNT.




$$
