000
CDUS42 KCAE 260629
CLIDNL


CLIMATE REPORT
NATIONAL WEATHER SERVICE COLUMBIA SC
229 AM EDT SUN APR 26 2015


...................................

...THE AUGUSTA DANIEL FIELD GA CLIMATE SUMMARY FOR APRIL 25 2015...

CLIMATE NORMAL PERIOD 1981 TO 2010
CLIMATE RECORD PERIOD 9999 TO 9999


WEATHER ITEM   OBSERVED TIME   NORMAL DEPARTURE LAST
                VALUE   (LST)  VALUE  FROM      YEAR
                                      NORMAL
......................................................
TEMPERATURE (F)
 YESTERDAY
  MAXIMUM         79    510 PM  78      1       83
  MINIMUM         58    939 AM  55      3       62
  AVERAGE         69            67      2       73

PRECIPITATION (IN)
  YESTERDAY        0.62          0.06   0.56     0.00
  MONTH TO DATE    3.07          2.67   0.40     4.14
  SINCE MAR 1      5.66          6.98  -1.32     6.82
  SINCE JAN 1     10.59         15.22  -4.63    13.11

DEGREE DAYS
 HEATING
  YESTERDAY        0             2     -2        0
  MONTH TO DATE   15            89    -74       66
  SINCE MAR 1    173           339   -166      386
  SINCE JUL 1   2028          2152   -124     2222

 COOLING
  YESTERDAY        4             3      1        8
  MONTH TO DATE  140            54     86       86
  SINCE MAR 1    183            76    107       91
  SINCE JAN 1    183            80    103       99
......................................................


WIND (MPH)
  HIGHEST WIND SPEED    16   HIGHEST WIND DIRECTION    SW (210)
  HIGHEST GUST SPEED    24   HIGHEST GUST DIRECTION    SW (210)
  AVERAGE WIND SPEED     6.8


SKY COVER
  AVERAGE SKY COVER 0.7


WEATHER CONDITIONS
 THE FOLLOWING WEATHER WAS RECORDED YESTERDAY.
  THUNDERSTORM
  HEAVY RAIN
  LIGHT RAIN
  FOG


RELATIVE HUMIDITY (PERCENT)
 HIGHEST    93           900 AM
 LOWEST     52          1200 AM

..........................................................


THE AUGUSTA DANIEL FIELD GA CLIMATE NORMALS FOR TODAY
                         NORMAL    RECORD    YEAR
 MAXIMUM TEMPERATURE (F)   78        MM        MM
 MINIMUM TEMPERATURE (F)   56        MM        MM


SUNRISE AND SUNSET
APRIL 26 2015.........SUNRISE   645 AM EDT   SUNSET   807 PM EDT
APRIL 27 2015.........SUNRISE   644 AM EDT   SUNSET   808 PM EDT


-  INDICATES NEGATIVE NUMBERS.
R  INDICATES RECORD WAS SET OR TIED.
MM INDICATES DATA IS MISSING.
T  INDICATES TRACE AMOUNT.




$$
