000
CDUS44 KEWX 062251
CLIDRT


CLIMATE REPORT
NATIONAL WEATHER SERVICE AUSTIN/SAN ANTONIO, TX
550 PM CDT WED MAY 6 2015


...................................

...THE DEL RIO CLIMATE SUMMARY FOR MAY 6 2015...
VALID TODAY AS OF 550 PM LOCAL TIME.

CLIMATE NORMAL PERIOD 1981 TO 2010
CLIMATE RECORD PERIOD 1906 TO 2015


WEATHER ITEM   OBSERVED TIME   RECORD YEAR NORMAL DEPARTURE LAST
                VALUE   (LST)  VALUE       VALUE  FROM      YEAR
                                                  NORMAL
..................................................................
TEMPERATURE (F)
 TODAY
  MAXIMUM         84    257 PM 107    2009  88     -4      100
  MINIMUM         72    956 AM  52    1953  65      7       68
                                      1917
  AVERAGE         78                        77      1       84

PRECIPITATION (IN)
  TODAY            0.01          1.61 1932   0.08  -0.07      T
  MONTH TO DATE    0.07                      0.44  -0.37      T
  SINCE MAR 1      3.99                      3.23   0.76     0.40
  SINCE JAN 1      4.98                      4.83   0.15     0.62

SNOWFALL (IN)
  TODAY            0.0
  MONTH TO DATE    0.0
  SINCE MAR 1      0.0
  SINCE JUL 1      0.0
  SNOW DEPTH       0

DEGREE DAYS
 HEATING
  TODAY            0                         0      0        0
  MONTH TO DATE    0                         0      0        0
  SINCE MAR 1    148                       139      9      148
  SINCE JUL 1   1475                      1375    100     1555

 COOLING
  TODAY           13                        12      1       19
  MONTH TO DATE   55                        67    -12       65
  SINCE MAR 1    346                       377    -31      440
  SINCE JAN 1    361                       396    -35      485
..................................................................


WIND (MPH)
  HIGHEST WIND SPEED    22   HIGHEST WIND DIRECTION    SE (140)
  HIGHEST GUST SPEED    29   HIGHEST GUST DIRECTION    SE (120)
  AVERAGE WIND SPEED    12.5



WEATHER CONDITIONS
 THE FOLLOWING WEATHER WAS RECORDED TODAY.
  LIGHT RAIN
  FOG


RELATIVE HUMIDITY (PERCENT)
 HIGHEST    93           700 AM
 LOWEST     61           200 PM
 AVERAGE    77

..........................................................


THE DEL RIO CLIMATE NORMALS FOR TOMORROW
                         NORMAL    RECORD    YEAR
 MAXIMUM TEMPERATURE (F)   88       106      1998
 MINIMUM TEMPERATURE (F)   66        47      1917


SUNRISE AND SUNSET
MAY  6 2015...........SUNRISE   658 AM CDT   SUNSET   823 PM CDT
MAY  7 2015...........SUNRISE   657 AM CDT   SUNSET   824 PM CDT


-  INDICATES NEGATIVE NUMBERS.
R  INDICATES RECORD WAS SET OR TIED.
MM INDICATES DATA IS MISSING.
T  INDICATES TRACE AMOUNT.




$$
