000
CDUS45 KTWC 260749 RRA
CLIDUG

CLIMATE REPORT NATIONAL WEATHER SERVICE TUCSON AZ
1248 AM MST SUN APR 26 2015


...................................

...THE DOUGLAS AZ CLIMATE SUMMARY FOR APRIL 25 2015...

CLIMATE NORMAL PERIOD 1981 TO 2010
CLIMATE RECORD PERIOD 1948 TO 2015


WEATHER ITEM   OBSERVED TIME   RECORD YEAR NORMAL DEPARTURE LAST
                VALUE   (LST)  VALUE       VALUE  FROM      YEAR
                                                  NORMAL
..................................................................
TEMPERATURE (F)
 YESTERDAY
  MAXIMUM         77    317 PM  94    2000  82     -5       85
                                      1996
  MINIMUM         44    503 AM  31    1961  46     -2       51
  AVERAGE         61                        64     -3       68

PRECIPITATION (IN)
  YESTERDAY        0.00          0.31 1987   0.01  -0.01     0.00
  MONTH TO DATE    0.36                      0.19   0.17     0.13
  SINCE OCT 1      4.76                      4.63   0.13     1.39
  SINCE JAN 1      2.79                      2.08   0.71     0.57

DEGREE DAYS
 HEATING
  YESTERDAY        4                         3      1        0
  MONTH TO DATE  116                       127    -11      102
  SINCE MAR 1    354                       452    -98      352
  SINCE JUL 1   2192                      2488   -296     2316

 COOLING
  YESTERDAY        0                         2     -2        3
  MONTH TO DATE    0                        16    -16       18
  SINCE MAR 1      4                        17    -13       18
  SINCE JAN 1      4                        17    -13       18
..................................................................


WIND (MPH)
  HIGHEST WIND SPEED    28   HIGHEST WIND DIRECTION     W (270)
  HIGHEST GUST SPEED    42   HIGHEST GUST DIRECTION     S (190)
  AVERAGE WIND SPEED    12.5


SKY COVER
  POSSIBLE SUNSHINE  MM
  AVERAGE SKY COVER 0.1


WEATHER CONDITIONS
 THE FOLLOWING WEATHER WAS RECORDED YESTERDAY.
  NO SIGNIFICANT WEATHER WAS OBSERVED.


RELATIVE HUMIDITY (PERCENT)
 HIGHEST    61
 LOWEST     13
 AVERAGE    37

..........................................................


THE DOUGLAS AZ CLIMATE NORMALS FOR TODAY
                         NORMAL    RECORD    YEAR
 MAXIMUM TEMPERATURE (F)   82        97      2000
 MINIMUM TEMPERATURE (F)   46        34      1964
                                             1961


SUNRISE AND SUNSET
APRIL 26 2015.........SUNRISE   538 AM MST   SUNSET   654 PM MST
APRIL 27 2015.........SUNRISE   537 AM MST   SUNSET   655 PM MST


-  INDICATES NEGATIVE NUMBERS.
R  INDICATES RECORD WAS SET OR TIED.
MM INDICATES DATA IS MISSING.
T  INDICATES TRACE AMOUNT.




$$
