000
CDUS41 KRLX 252124
CLIEKN


CLIMATE REPORT
NATIONAL WEATHER SERVICE CHARLESTON WV
524 PM EDT SAT APR 25 2015


...................................

...THE ELKINS WV CLIMATE SUMMARY FOR APRIL 25 2015...
VALID TODAY AS OF 0500 PM LOCAL TIME.

CLIMATE NORMAL PERIOD 1981 TO 2010
CLIMATE RECORD PERIOD 1899 TO 2015


WEATHER ITEM   OBSERVED TIME   RECORD YEAR NORMAL DEPARTURE LAST
                VALUE   (LST)  VALUE       VALUE  FROM      YEAR
                                                  NORMAL
..................................................................
TEMPERATURE (F)
 TODAY
  MAXIMUM         49   1254 PM  88    1925  66    -17       67
                                      1915
  MINIMUM         33    155 AM  22    1927  39     -6       35
  AVERAGE         41                        52    -11       51

PRECIPITATION (IN)
  TODAY            0.15          2.12 1937   0.13   0.02     0.39
  MONTH TO DATE    6.47                      3.15   3.32     1.11
  SINCE MAR 1     13.84                      7.11   6.73     4.30
  SINCE JAN 1     19.56                     13.44   6.12    10.56

DEGREE DAYS
 HEATING
  TODAY           24                        13     11       14
  MONTH TO DATE  314                       404    -90      342
  SINCE MAR 1   1115                      1184    -69     1239
  SINCE JUL 1   5746                      5505    241     5762

 COOLING
  TODAY            0                         0      0        0
  MONTH TO DATE    3                         0      3        2
  SINCE MAR 1      3                         0      3        2
  SINCE JAN 1      3                         0      3        2
..................................................................


WIND (MPH)
  HIGHEST WIND SPEED    10   HIGHEST WIND DIRECTION     S (170)
  HIGHEST GUST SPEED    19   HIGHEST GUST DIRECTION     N (340)
  AVERAGE WIND SPEED     1.7


SKY COVER
  POSSIBLE SUNSHINE  MM
  AVERAGE SKY COVER 0.8


WEATHER CONDITIONS
 THE FOLLOWING WEATHER WAS RECORDED TODAY.
  RAIN
  LIGHT RAIN
  FOG


RELATIVE HUMIDITY (PERCENT)
 HIGHEST    83           400 PM
 LOWEST     50          1100 AM
 AVERAGE    67

..........................................................


THE ELKINS WV CLIMATE NORMALS FOR TOMORROW
                         NORMAL    RECORD    YEAR
 MAXIMUM TEMPERATURE (F)   66        88      1915
 MINIMUM TEMPERATURE (F)   39        22      1972


SUNRISE AND SUNSET
APRIL 25 2015.........SUNRISE   629 AM EDT   SUNSET   806 PM EDT
APRIL 26 2015.........SUNRISE   628 AM EDT   SUNSET   807 PM EDT


-  INDICATES NEGATIVE NUMBERS.
R  INDICATES RECORD WAS SET OR TIED.
MM INDICATES DATA IS MISSING.
T  INDICATES TRACE AMOUNT.




$$
