000
CDUS44 KSHV 012245
CLIELD


CLIMATE REPORT
NATIONAL WEATHER SERVICE SHREVEPORT, LA
545 PM CDT WED APR 1 2015


...................................

...THE EL DORADO CLIMATE SUMMARY FOR APRIL 1 2015...
VALID TODAY AS OF 0500 PM LOCAL TIME.

CLIMATE NORMAL PERIOD 1981 TO 2010
CLIMATE RECORD PERIOD 1907 TO 2015


WEATHER ITEM   OBSERVED TIME   RECORD YEAR NORMAL DEPARTURE LAST
                VALUE   (LST)  VALUE       VALUE  FROM      YEAR
                                                  NORMAL
..................................................................
TEMPERATURE (F)
 TODAY
  MAXIMUM         84    338 PM  89    1936  73     11       76
  MINIMUM         57    204 AM  30    1924  47     10       53
  AVERAGE         71                        60     11       65

PRECIPITATION (IN)
  TODAY            0.00          1.19 1945   0.14  -0.14     0.00
  MONTH TO DATE    0.00                      0.14  -0.14     0.00
  SINCE DEC 1     15.93                     19.16  -3.23    15.13
  SINCE JAN 1     12.60                     13.98  -1.38     8.57

SNOWFALL (IN)
  TODAY            0.0
  MONTH TO DATE    0.0
  SINCE MAR 1      0.7
  SINCE JUL 1      0.7
  SNOW DEPTH       0

DEGREE DAYS
 HEATING
  TODAY            0                         6     -6        0
  MONTH TO DATE    0                         6     -6        0
  SINCE MAR 1    347                       314     33      442
  SINCE JUL 1   2833                      2542    291     3049

 COOLING
  TODAY            6                         1      5        0
  MONTH TO DATE    6                         1      5        0
  SINCE MAR 1     20                        23     -3        5
  SINCE JAN 1     20                        29     -9        5
..................................................................


WIND (MPH)
  HIGHEST WIND SPEED    18   HIGHEST WIND DIRECTION     S (170)
  HIGHEST GUST SPEED    24   HIGHEST GUST DIRECTION     S (170)
  AVERAGE WIND SPEED     7.7


SKY COVER
  POSSIBLE SUNSHINE  MM
  AVERAGE SKY COVER 0.6


WEATHER CONDITIONS
 THE FOLLOWING WEATHER WAS RECORDED TODAY.
  FOG
  HAZE


RELATIVE HUMIDITY (PERCENT)
 HIGHEST   100          1200 AM
 LOWEST     46           400 PM
 AVERAGE    73

..........................................................


THE EL DORADO CLIMATE NORMALS FOR TOMORROW
                         NORMAL    RECORD    YEAR
 MAXIMUM TEMPERATURE (F)   73        92      1918
 MINIMUM TEMPERATURE (F)   47        30      1992


SUNRISE AND SUNSET
APRIL  1 2015.........SUNRISE   659 AM CDT   SUNSET   731 PM CDT
APRIL  2 2015.........SUNRISE   658 AM CDT   SUNSET   732 PM CDT


-  INDICATES NEGATIVE NUMBERS.
R  INDICATES RECORD WAS SET OR TIED.
MM INDICATES DATA IS MISSING.
T  INDICATES TRACE AMOUNT.




$$
