000
CDUS46 KOTX 200831
CLIEPH


CLIMATE REPORT
NATIONAL WEATHER SERVICE SPOKANE, WA
131 AM PDT MON APR 20 2015


...................................

...THE EPHRATA WA AIRPORT CLIMATE SUMMARY FOR APRIL 19 2015...

CLIMATE NORMAL PERIOD 1981 TO 2010
CLIMATE RECORD PERIOD 9999 TO 9999


WEATHER ITEM   OBSERVED TIME   RECORD YEAR NORMAL DEPARTURE LAST
                VALUE   (LST)  VALUE       VALUE  FROM      YEAR
                                                  NORMAL
..................................................................
TEMPERATURE (F)
 YESTERDAY
  MAXIMUM         74    443 PM  82    2010  64     10       66
  MINIMUM         45    435 AM  21    2008  38      7       33
  AVERAGE         60                        51      9       50

PRECIPITATION (IN)
  YESTERDAY        0.00          0.40 1967   0.02  -0.02     0.00
  MONTH TO DATE    0.50                      0.33   0.17     0.09
  SINCE OCT 1      5.60                      5.49   0.11     2.60
  SINCE JAN 1      2.81                      2.66   0.15     1.85

SNOWFALL (IN)
  YESTERDAY       MM

DEGREE DAYS
 HEATING
  YESTERDAY        5                        14     -9       15
  MONTH TO DATE  292                       302    -10      242
  SINCE MAR 1    796                       986   -190      904
  SINCE JUL 1   4490                      5559  -1069     5486

 COOLING
  YESTERDAY        0                         0      0        0
  MONTH TO DATE    0                         0      0        0
  SINCE MAR 1      0                         0      0        0
  SINCE JAN 1      0                         0      0        0
..................................................................


WIND (MPH)
  HIGHEST WIND SPEED    14   HIGHEST WIND DIRECTION    NW (320)
  HIGHEST GUST SPEED    17   HIGHEST GUST DIRECTION     S (170)
  AVERAGE WIND SPEED     6.1


SKY COVER
  POSSIBLE SUNSHINE  MM
  AVERAGE SKY COVER 0.0


WEATHER CONDITIONS
 THE FOLLOWING WEATHER WAS RECORDED YESTERDAY.
  NO SIGNIFICANT WEATHER WAS OBSERVED.


RELATIVE HUMIDITY (PERCENT)
 HIGHEST    56          1100 PM
 LOWEST     16           100 PM
 AVERAGE    36

..........................................................


THE EPHRATA WA AIRPORT CLIMATE NORMALS FOR TODAY
                         NORMAL    RECORD    YEAR
 MAXIMUM TEMPERATURE (F)   64        82      1956
 MINIMUM TEMPERATURE (F)   39        23      1982


SUNRISE AND SUNSET
APRIL 20 2015.........SUNRISE   601 AM PDT   SUNSET   754 PM PDT
APRIL 21 2015.........SUNRISE   559 AM PDT   SUNSET   755 PM PDT


-  INDICATES NEGATIVE NUMBERS.
R  INDICATES RECORD WAS SET OR TIED.
MM INDICATES DATA IS MISSING.
T  INDICATES TRACE AMOUNT.




$$
