000
CDUS46 KPQR 181142
CLIEUG


CLIMATE REPORT
NATIONAL WEATHER SERVICE PORTLAND OREGON
441 AM PDT SAT APR 18 2015


...................................

...THE EUGENE OR CLIMATE SUMMARY FOR APRIL 17 2015...

CLIMATE NORMAL PERIOD 1981 TO 2010
CLIMATE RECORD PERIOD 1892 TO 2015


WEATHER ITEM   OBSERVED TIME   RECORD YEAR NORMAL DEPARTURE LAST
                VALUE   (LST)  VALUE       VALUE  FROM      YEAR
                                                  NORMAL
..................................................................
TEMPERATURE (F)
 YESTERDAY
  MAXIMUM         72    402 PM  79    1939  61     11       56
  MINIMUM         37    603 AM  29    1977  40     -3       41
                                      1964
  AVERAGE         55                        50      5       49

PRECIPITATION (IN)
  YESTERDAY        0.00          0.86 1919   0.10  -0.10     0.43
  MONTH TO DATE    1.27                      2.06  -0.79     0.57
  SINCE OCT 1     28.04                     38.15 -10.11    21.84
  SINCE JAN 1     10.99                     19.35  -8.36    17.65

SNOWFALL (IN)
  YESTERDAY        0.0
  MONTH TO DATE    0.0
  SINCE MAR 1      0.0
  SINCE JUL 1      0.0

DEGREE DAYS
 HEATING
  YESTERDAY       10                        15     -5       16
  MONTH TO DATE  287                       267     20      202
  SINCE MAR 1    719                       836   -117      687
  SINCE JUL 1   3281                      4163   -882     4254

 COOLING
  YESTERDAY        0                         0      0        0
  MONTH TO DATE    0                         0      0        0
  SINCE MAR 1      0                         0      0        0
  SINCE JAN 1      0                         0      0        0
..................................................................


WIND (MPH)
  HIGHEST WIND SPEED    14   HIGHEST WIND DIRECTION     N (20)
  HIGHEST GUST SPEED    16   HIGHEST GUST DIRECTION     N (350)
  AVERAGE WIND SPEED     5.8


SKY COVER
  POSSIBLE SUNSHINE  MM
  AVERAGE SKY COVER 0.0


WEATHER CONDITIONS
 THE FOLLOWING WEATHER WAS RECORDED YESTERDAY.
  FOG


RELATIVE HUMIDITY (PERCENT)
 HIGHEST    93           300 AM
 LOWEST     44           100 PM
 AVERAGE    69

..........................................................


THE EUGENE OR CLIMATE NORMALS FOR TODAY
                         NORMAL    RECORD    YEAR
 MAXIMUM TEMPERATURE (F)   61        84      1934
 MINIMUM TEMPERATURE (F)   40        29      1982


SUNRISE AND SUNSET
APRIL 18 2015.........SUNRISE   625 AM PDT   SUNSET   801 PM PDT
APRIL 19 2015.........SUNRISE   623 AM PDT   SUNSET   802 PM PDT


-  INDICATES NEGATIVE NUMBERS.
R  INDICATES RECORD WAS SET OR TIED.
MM INDICATES DATA IS MISSING.
T  INDICATES TRACE AMOUNT.




$$
