000
CDUS44 KTSA 270800
CLIFSM

CLIMATE REPORT
NATIONAL WEATHER SERVICE TULSA OK
147 AM CDT MON APR 27 2015


...................................

...THE FORT SMITH ARKANSAS CLIMATE SUMMARY FOR APRIL 26 2015...

CLIMATE NORMAL PERIOD 1981 TO 2010
CLIMATE RECORD PERIOD 1882 TO 2015


WEATHER ITEM   OBSERVED TIME   RECORD YEAR NORMAL DEPARTURE LAST
                VALUE   (LST)  VALUE       VALUE  FROM      YEAR
                                                  NORMAL
..................................................................
TEMPERATURE (F)
 YESTERDAY
  MAXIMUM         79    326 PM  90    1896  76      3       88
  MINIMUM         56    502 AM  33    1910  53      3       54
  AVERAGE         68                        65      3       71

PRECIPITATION (IN)
  YESTERDAY        0.00          1.25 1957   0.16  -0.16     0.00
  MONTH TO DATE    3.64                      3.65  -0.01     2.53
  SINCE MAR 1      8.14                      7.50   0.64     6.38
  SINCE JAN 1     12.75                     13.07  -0.32     8.15

SNOWFALL (IN)
  YESTERDAY        0.0                                       0.0
  MONTH TO DATE    0.0                                       0.0
  SINCE MAR 1      1.0                                       0.5
  SINCE JUL 1      6.6                                      10.7

DEGREE DAYS
 HEATING
  YESTERDAY        0                         3     -3        0
  MONTH TO DATE   73                       145    -72      126
  SINCE MAR 1    464                       531    -67      585
  SINCE JUL 1   3278                      3204     74     3530

 COOLING
  YESTERDAY        3                         3      0        6
  MONTH TO DATE   53                        43     10       44
  SINCE MAR 1     68                        54     14       44
  SINCE JAN 1     68                        55     13       44
..................................................................


WIND (MPH)
  HIGHEST WIND SPEED    29   HIGHEST WIND DIRECTION     E (80)
  HIGHEST GUST SPEED    34   HIGHEST GUST DIRECTION     E (70)
  AVERAGE WIND SPEED    11.2


SKY COVER
  POSSIBLE SUNSHINE  MM
  AVERAGE SKY COVER 0.0


WEATHER CONDITIONS
 THE FOLLOWING WEATHER WAS RECORDED YESTERDAY.
  NO SIGNIFICANT WEATHER WAS OBSERVED.


RELATIVE HUMIDITY (PERCENT)
 HIGHEST    86           400 AM
 LOWEST     52           200 PM
 AVERAGE    69

..........................................................


THE FORT SMITH ARKANSAS CLIMATE NORMALS FOR TODAY
                         NORMAL    RECORD    YEAR
 MAXIMUM TEMPERATURE (F)   77        91      1989
 MINIMUM TEMPERATURE (F)   53        36      1992


SUNRISE AND SUNSET
APRIL 27 2015.........SUNRISE   631 AM CDT   SUNSET   800 PM CDT
APRIL 28 2015.........SUNRISE   630 AM CDT   SUNSET   801 PM CDT


-  INDICATES NEGATIVE NUMBERS.
R  INDICATES RECORD WAS SET OR TIED.
MM INDICATES DATA IS MISSING.
T  INDICATES TRACE AMOUNT.




$$

&&
...........................................................

THE ARKANSAS RIVER AT VAN BUREN

                   OBSERVED      24 HOUR     24 HOUR
                    VALUE        CHANGE      FORECAST

 STAGE (FEET)
  THIS MORNING       19.7         +0.1

MEAN FLOW (CFS)
  TODAY                                        28700
...........................................................
ALL DATA MEASURED AT THE FORT SMITH REGIONAL AIRPORT
