000
CDUS43 KUNR 050834
CLIGCC


CLIMATE REPORT
NATIONAL WEATHER SERVICE RAPID CITY SD
232 AM MDT TUE MAY 5 2015


...................................

...THE GILLETTE AIRPORT WY CLIMATE SUMMARY FOR MAY 4 2015...

CLIMATE NORMAL PERIOD 1981 TO 2010
CLIMATE RECORD PERIOD 9999 TO 9999


WEATHER ITEM   OBSERVED TIME   NORMAL DEPARTURE LAST
                VALUE   (LST)  VALUE  FROM      YEAR
                                      NORMAL
......................................................
TEMPERATURE (F)
 YESTERDAY
  MAXIMUM         61    421 PM  62     -1       64
  MINIMUM         46    632 AM  36     10       39
  AVERAGE         54            49      5       52

PRECIPITATION (IN)
  YESTERDAY        0.11          0.07   0.04     0.00
  MONTH TO DATE    0.31          0.28   0.03     0.00
  SINCE MAR 1      1.96          2.71  -0.75     1.89
  SINCE JAN 1      2.81          3.49  -0.68     3.17

DEGREE DAYS
 HEATING
  YESTERDAY       11            16     -5       13
  MONTH TO DATE   36            66    -30       65
  SINCE MAR 1   1345          1674   -329     1670
  SINCE JUL 1   6435          7082   -647     7315

 COOLING
  YESTERDAY        0             0      0        0
  MONTH TO DATE    0             0      0        0
  SINCE MAR 1      0             0      0        0
  SINCE JAN 1      0             0      0        0
......................................................


WIND (MPH)
  HIGHEST WIND SPEED    30   HIGHEST WIND DIRECTION    SE (150)
  HIGHEST GUST SPEED    39   HIGHEST GUST DIRECTION     S (170)
  AVERAGE WIND SPEED    22.1


SKY COVER
  AVERAGE SKY COVER 0.5


WEATHER CONDITIONS
 THE FOLLOWING WEATHER WAS RECORDED YESTERDAY.
  RAIN
  LIGHT RAIN
  FOG


RELATIVE HUMIDITY (PERCENT)
 HIGHEST    93          1200 AM
 LOWEST     46           200 PM
 AVERAGE    70

..........................................................




SUNRISE AND SUNSET
MAY  5 2015...........SUNRISE   548 AM MDT   SUNSET   811 PM MDT
MAY  6 2015...........SUNRISE   546 AM MDT   SUNSET   812 PM MDT


-  INDICATES NEGATIVE NUMBERS.
R  INDICATES RECORD WAS SET OR TIED.
MM INDICATES DATA IS MISSING.
T  INDICATES TRACE AMOUNT.




$$
