000
CDUS43 KDDC 021006
CLIGCK


CLIMATE REPORT
NATIONAL WEATHER SERVICE DODGE CITY KS
506 AM CDT THU APR 2 2015


...................................

...THE GARDEN CITY REGIONAL ARPT KS CLIMATE SUMMARY FOR APRIL 1 2015...

CLIMATE NORMAL PERIOD 1981 TO 2010
CLIMATE RECORD PERIOD 1948 TO 2015


WEATHER ITEM   OBSERVED TIME   RECORD YEAR NORMAL DEPARTURE LAST
                VALUE   (LST)  VALUE       VALUE  FROM      YEAR
                                                  NORMAL
..................................................................
TEMPERATURE (F)
 YESTERDAY
  MAXIMUM         85    426 PM  93    2012  63     22       57
  MINIMUM         48    633 AM  15    1970  34     14       27
  AVERAGE         67                        48     19       42

PRECIPITATION (IN)
  YESTERDAY        0.00          1.22 1988   0.05  -0.05     0.00
  MONTH TO DATE    0.00                      0.05  -0.05     0.00
  SINCE MAR 1      0.32                      1.51  -1.19     0.04
  SINCE JAN 1      1.09                      2.39  -1.30     0.20

DEGREE DAYS
 HEATING
  YESTERDAY        0                        17    -17
  MONTH TO DATE    0                        17    -17
  SINCE MAR 1    563                       681   -118
  SINCE JUL 1   4471                      4705   -234

 COOLING
  YESTERDAY        2                         0      2
  MONTH TO DATE    2                         0      2
  SINCE MAR 1      2                         0      2
  SINCE JAN 1      2                         0      2
..................................................................


WIND (MPH)
  HIGHEST WIND SPEED    36   HIGHEST WIND DIRECTION     N (350)
  HIGHEST GUST SPEED    45   HIGHEST GUST DIRECTION     N (20)
  AVERAGE WIND SPEED    15.0



WEATHER CONDITIONS
 THE FOLLOWING WEATHER WAS RECORDED YESTERDAY.
  HAZE


RELATIVE HUMIDITY (PERCENT)
 HIGHEST    86           600 AM
 LOWEST     14           500 PM
 AVERAGE    50

..........................................................


THE GARDEN CITY REGIONAL ARPT KS CLIMATE NORMALS FOR TODAY
                         NORMAL    RECORD    YEAR
 MAXIMUM TEMPERATURE (F)   63        89      1996
 MINIMUM TEMPERATURE (F)   34        13      1975


SUNRISE AND SUNSET
APRIL  2 2015.........SUNRISE   727 AM CDT   SUNSET   807 PM CDT
APRIL  3 2015.........SUNRISE   725 AM CDT   SUNSET   808 PM CDT


-  INDICATES NEGATIVE NUMBERS.
R  INDICATES RECORD WAS SET OR TIED.
MM INDICATES DATA IS MISSING.
T  INDICATES TRACE AMOUNT.




$$
