000
CDUS46 KOTX 190833
CLIGEG


CLIMATE REPORT
NATIONAL WEATHER SERVICE SPOKANE, WA
133 AM PDT SUN APR 19 2015


...................................

...THE SPOKANE WA AIRPORT CLIMATE SUMMARY FOR APRIL 18 2015...

CLIMATE NORMAL PERIOD 1981 TO 2010
CLIMATE RECORD PERIOD 1881 TO 2015


WEATHER ITEM   OBSERVED TIME   RECORD YEAR NORMAL DEPARTURE LAST
                VALUE   (LST)  VALUE       VALUE  FROM      YEAR
                                                  NORMAL
..................................................................
TEMPERATURE (F)
 YESTERDAY
  MAXIMUM         68    438 PM  84    1910  58     10       54
  MINIMUM         45   1241 AM  22    1966  37      8       36
  AVERAGE         57                        47     10       45

PRECIPITATION (IN)
  YESTERDAY        0.00          0.37 1996   0.05  -0.05     0.00
  MONTH TO DATE    0.51                      0.81  -0.30     0.47
  SINCE OCT 1     10.62                     11.32  -0.70     8.50
  SINCE JAN 1      5.89                      5.54   0.35     6.17

SNOWFALL (IN)
  YESTERDAY        0.0           T    2005   0.1   -0.1      0.0
                                      1995
  MONTH TO DATE    1.0                       0.9    0.1      0.0
  SINCE MAR 1      1.9                       4.4   -2.5      5.8
  SINCE JUL 1     17.6                      44.7  -27.1     37.6
  SNOW DEPTH       0

DEGREE DAYS
 HEATING
  YESTERDAY        8                        18    -10       20
  MONTH TO DATE  360                       347     13      321
  SINCE MAR 1    957                      1114   -157     1101
  SINCE JUL 1   5079                      5943   -864     6144

 COOLING
  YESTERDAY        0                         0      0        0
  MONTH TO DATE    0                         0      0        0
  SINCE MAR 1      0                         0      0        0
  SINCE JAN 1      0                         0      0        0
..................................................................


WIND (MPH)
  HIGHEST WIND SPEED    20   HIGHEST WIND DIRECTION    NW (330)
  HIGHEST GUST SPEED    24   HIGHEST GUST DIRECTION     N (340)
  AVERAGE WIND SPEED     9.8


SKY COVER
  POSSIBLE SUNSHINE  MM
  AVERAGE SKY COVER 0.2


WEATHER CONDITIONS
 THE FOLLOWING WEATHER WAS RECORDED YESTERDAY.
  NO SIGNIFICANT WEATHER WAS OBSERVED.


RELATIVE HUMIDITY (PERCENT)
 HIGHEST    60          1200 AM
 LOWEST     13           400 PM
 AVERAGE    37

..........................................................


THE SPOKANE WA AIRPORT CLIMATE NORMALS FOR TODAY
                         NORMAL    RECORD    YEAR
 MAXIMUM TEMPERATURE (F)   58        81      1908
 MINIMUM TEMPERATURE (F)   37        17      1966


SUNRISE AND SUNSET
APRIL 19 2015.........SUNRISE   554 AM PDT   SUNSET   745 PM PDT
APRIL 20 2015.........SUNRISE   552 AM PDT   SUNSET   747 PM PDT


-  INDICATES NEGATIVE NUMBERS.
R  INDICATES RECORD WAS SET OR TIED.
MM INDICATES DATA IS MISSING.
T  INDICATES TRACE AMOUNT.




$$
