000
CDUS43 KIND 040535
CLIGEZ


CLIMATE REPORT
NATIONAL WEATHER SERVICE INDIANAPOLIS IN
135 AM EDT MON MAY 4 2015


...................................

...THE SHELBYVILLE IN CLIMATE SUMMARY FOR MAY 3 2015...

CLIMATE NORMAL PERIOD 1981 TO 2010
CLIMATE RECORD PERIOD 9999 TO 9999


WEATHER ITEM   OBSERVED TIME   NORMAL DEPARTURE LAST
                VALUE   (LST)  VALUE  FROM      YEAR
                                      NORMAL
......................................................
TEMPERATURE (F)
 YESTERDAY
  MAXIMUM         80    445 PM  69     11       71
  MINIMUM         51    249 AM  48      3       48
  AVERAGE         66            59      7       60

PRECIPITATION (IN)
  YESTERDAY        0.00          0.20  -0.20      T
  MONTH TO DATE    0.00          0.58  -0.58      T
  SINCE MAR 1      8.53          8.33   0.20     7.46
  SINCE JAN 1     11.55         13.08  -1.53    11.34

DEGREE DAYS
 HEATING
  YESTERDAY        0             7     -7        5
  MONTH TO DATE   10            22    -12       33
  SINCE MAR 1   1064          1119    -55     1134
  SINCE JUL 1   5505          5282    223     5632

 COOLING
  YESTERDAY        1             1      0        0
  MONTH TO DATE    1             3     -2        0
  SINCE MAR 1      9            16     -7       10
  SINCE JAN 1      9            16     -7       10
......................................................


WIND (MPH)
  HIGHEST WIND SPEED    18   HIGHEST WIND DIRECTION     S (190)
  HIGHEST GUST SPEED    24   HIGHEST GUST DIRECTION     S (190)
  AVERAGE WIND SPEED     8.7


SKY COVER
  AVERAGE SKY COVER 0.1


WEATHER CONDITIONS
 THE FOLLOWING WEATHER WAS RECORDED YESTERDAY.
  NO SIGNIFICANT WEATHER WAS OBSERVED.


RELATIVE HUMIDITY (PERCENT)
 HIGHEST    77           200 AM
 LOWEST     35           200 PM
 AVERAGE    56

..........................................................


THE SHELBYVILLE IN CLIMATE NORMALS FOR TODAY
                         NORMAL
 MAXIMUM TEMPERATURE (F)   70
 MINIMUM TEMPERATURE (F)   48


SUNRISE AND SUNSET
MAY  4 2015...........SUNRISE   641 AM EDT   SUNSET   840 PM EDT
MAY  5 2015...........SUNRISE   640 AM EDT   SUNSET   841 PM EDT


-  INDICATES NEGATIVE NUMBERS.
R  INDICATES RECORD WAS SET OR TIED.
MM INDICATES DATA IS MISSING.
T  INDICATES TRACE AMOUNT.




$$
