000
CDUS44 KSHV 270855
CLIGGG


CLIMATE REPORT
NATIONAL WEATHER SERVICE SHREVEPORT, LA
351 AM CDT MON APR 27 2015


...................................

...THE LONGVIEW CLIMATE SUMMARY FOR APRIL 26 2015...

CLIMATE NORMAL PERIOD 1981 TO 2010
CLIMATE RECORD PERIOD 1902 TO 2015


WEATHER ITEM   OBSERVED TIME   RECORD YEAR NORMAL DEPARTURE LAST
                VALUE   (LST)  VALUE       VALUE  FROM      YEAR
                                                  NORMAL
..................................................................
TEMPERATURE (F)
 YESTERDAY
  MAXIMUM         87    307 PM  90    1939  79      8       86
  MINIMUM         62    623 AM  38    1910  56      6       52
  AVERAGE         75                        68      7       69

PRECIPITATION (IN)
  YESTERDAY        0.00          3.50 1922   0.10  -0.10     0.00
  MONTH TO DATE    5.60                      2.76   2.84     2.29
  SINCE DEC 1     24.95                     18.96   5.99    13.17
  SINCE JAN 1     22.65                     14.47   8.18     9.02

SNOWFALL (IN)
  YESTERDAY        0.0
  MONTH TO DATE    0.0
  SINCE MAR 1      0.2
  SINCE JUL 1      3.1
  SNOW DEPTH       0

DEGREE DAYS
 HEATING
  YESTERDAY        0                         1     -1        0
  MONTH TO DATE   30                        85    -55      107
  SINCE MAR 1    299                       340    -41      455
  SINCE JUL 1   2272                      2244     28     2579

 COOLING
  YESTERDAY       10                         4      6        4
  MONTH TO DATE  135                        69     66       76
  SINCE MAR 1    160                        96     64       86
  SINCE JAN 1    160                       108     52       91
..................................................................


WIND (MPH)
  HIGHEST WIND SPEED    14   HIGHEST WIND DIRECTION     S (170)
  HIGHEST GUST SPEED    17   HIGHEST GUST DIRECTION     S (190)
  AVERAGE WIND SPEED     5.9


SKY COVER
  POSSIBLE SUNSHINE  MM
  AVERAGE SKY COVER 0.1


WEATHER CONDITIONS
 THE FOLLOWING WEATHER WAS RECORDED YESTERDAY.
  FOG


RELATIVE HUMIDITY (PERCENT)
 HIGHEST    93           500 AM
 LOWEST     48           300 PM
 AVERAGE    71

..........................................................


THE LONGVIEW CLIMATE NORMALS FOR TODAY
                         NORMAL    RECORD    YEAR
 MAXIMUM TEMPERATURE (F)   79        88      1994
 MINIMUM TEMPERATURE (F)   57        39      1920


SUNRISE AND SUNSET
APRIL 27 2015.........SUNRISE   637 AM CDT   SUNSET   757 PM CDT
APRIL 28 2015.........SUNRISE   636 AM CDT   SUNSET   758 PM CDT


-  INDICATES NEGATIVE NUMBERS.
R  INDICATES RECORD WAS SET OR TIED.
MM INDICATES DATA IS MISSING.
T  INDICATES TRACE AMOUNT.




$$
