000
CDUS45 KGJT 270752
CLIGJT


CLIMATE REPORT
NATIONAL WEATHER SERVICE GRAND JUNCTION CO
130 AM MDT MON APR 27 2015


...................................

...THE GRAND JUNCTION CO CLIMATE SUMMARY FOR APRIL 26 2015...

CLIMATE NORMAL PERIOD 1981 TO 2010
CLIMATE RECORD PERIOD 1893 TO 2015


WEATHER ITEM   OBSERVED TIME   RECORD YEAR NORMAL DEPARTURE LAST
                VALUE   (LST)  VALUE       VALUE  FROM      YEAR
                                                  NORMAL
..................................................................
TEMPERATURE (F)
 YESTERDAY
  MAXIMUM         56    200 PM  84    1981  69    -13       63
  MINIMUM         42    851 AM  28    1969  41      1       40
  AVERAGE         49                        55     -6       52

PRECIPITATION (IN)
  YESTERDAY        0.50          0.53 1965   0.03   0.47     0.16
  MONTH TO DATE    2.12                      0.80   1.32     0.80
  SINCE MAR 1      2.39                      1.72   0.67     0.90
  SINCE JAN 1      3.25                      2.84   0.41     2.28

SNOWFALL (IN)
  YESTERDAY        0.0           0.9  1984   0.1   -0.1      0.0
  MONTH TO DATE    2.0                       0.9    1.1       T
  SINCE MAR 1      3.9                       3.5    0.4       T
  SINCE JUL 1     12.5                      19.0   -6.5     25.7
  SNOW DEPTH       0

DEGREE DAYS
 HEATING
  YESTERDAY       16                        10      6       13
  MONTH TO DATE  405                       364     41      370
  SINCE MAR 1    928                      1017    -89     1022
  SINCE JUL 1   4913                      5396   -483     5960

 COOLING
  YESTERDAY        0                         0      0        0
  MONTH TO DATE    0                         0      0        0
  SINCE MAR 1      0                         0      0        0
  SINCE JAN 1      0                         0      0        0
..................................................................


WIND (MPH)
  HIGHEST WIND SPEED    21   HIGHEST WIND DIRECTION    NE (40)
  HIGHEST GUST SPEED    28   HIGHEST GUST DIRECTION    NE (40)
  AVERAGE WIND SPEED     4.5


SKY COVER
  POSSIBLE SUNSHINE  MM
  AVERAGE SKY COVER 0.8


WEATHER CONDITIONS
 THE FOLLOWING WEATHER WAS RECORDED YESTERDAY.
  RAIN
  LIGHT RAIN
  FOG
  HAZE


RELATIVE HUMIDITY (PERCENT)
 HIGHEST   100          1200 AM
 LOWEST     61           200 PM
 AVERAGE    81

..........................................................


THE GRAND JUNCTION CO CLIMATE NORMALS FOR TODAY
                         NORMAL    RECORD    YEAR
 MAXIMUM TEMPERATURE (F)   69        86      2000
 MINIMUM TEMPERATURE (F)   42        26      1976


SUNRISE AND SUNSET
APRIL 27 2015.........SUNRISE   621 AM MDT   SUNSET   803 PM MDT
APRIL 28 2015.........SUNRISE   620 AM MDT   SUNSET   804 PM MDT


-  INDICATES NEGATIVE NUMBERS.
R  INDICATES RECORD WAS SET OR TIED.
MM INDICATES DATA IS MISSING.
T  INDICATES TRACE AMOUNT.




$$
