000
CDUS43 KGID 040625
CLIGRI


CLIMATE REPORT
NATIONAL WEATHER SERVICE HASTINGS NE
123 AM CDT MON MAY 4 2015


...................................

...THE GRAND ISLAND NE CLIMATE SUMMARY FOR MAY 3 2015...

CLIMATE NORMAL PERIOD 1981 TO 2010
CLIMATE RECORD PERIOD 1895 TO 2015


WEATHER ITEM   OBSERVED TIME   RECORD YEAR NORMAL DEPARTURE LAST
                VALUE   (LST)  VALUE       VALUE  FROM      YEAR
                                                  NORMAL
..................................................................
TEMPERATURE (F)
 YESTERDAY
  MAXIMUM         90    430 PM  92    1959  69     21       75
  MINIMUM         55    437 AM  25    2005  45     10       42
                                      1907
  AVERAGE         73                        57     16       59

PRECIPITATION (IN)
  YESTERDAY        0.00          1.75 1987   0.13  -0.13     0.00
  MONTH TO DATE    0.84                      0.36   0.48     0.00
  SINCE MAR 1      3.14                      4.69  -1.55     3.10
  SINCE JAN 1      4.31                      5.90  -1.59     3.75

SNOWFALL (IN)
  YESTERDAY        0.0           4.3  1967   0.0    0.0      0.0
  MONTH TO DATE    0.0                       0.0    0.0      0.0
  SINCE MAR 1      1.4                       6.9   -5.5      2.9
  SINCE JUL 1     24.3                      29.0   -4.7     16.4
  SNOW DEPTH       0

DEGREE DAYS
 HEATING
  YESTERDAY        0                         9     -9        6
  MONTH TO DATE    0                        28    -28       30
  SINCE MAR 1   1026                      1269   -243     1280
  SINCE JUL 1   5763                      6030   -267     6115

 COOLING
  YESTERDAY        8                         1      7        0
  MONTH TO DATE   14                         3     11        0
  SINCE MAR 1     18                        14      4        4
  SINCE JAN 1     18                        14      4        4
..................................................................


WIND (MPH)
  HIGHEST WIND SPEED    28   HIGHEST WIND DIRECTION     N (10)
  HIGHEST GUST SPEED    35   HIGHEST GUST DIRECTION     N (10)
  AVERAGE WIND SPEED    12.7


SKY COVER
  AVERAGE SKY COVER 0.0


WEATHER CONDITIONS
 THE FOLLOWING WEATHER WAS RECORDED YESTERDAY.
  NO SIGNIFICANT WEATHER WAS OBSERVED.


RELATIVE HUMIDITY (PERCENT)
 HIGHEST    86           400 AM
 LOWEST     19           300 PM
 AVERAGE    53

..........................................................


THE GRAND ISLAND NE CLIMATE NORMALS FOR TODAY
                         NORMAL    RECORD    YEAR
 MAXIMUM TEMPERATURE (F)   69        92      2012
                                             1962
 MINIMUM TEMPERATURE (F)   45        25      1967


SUNRISE AND SUNSET
MAY  4 2015...........SUNRISE   628 AM CDT   SUNSET   833 PM CDT
MAY  5 2015...........SUNRISE   627 AM CDT   SUNSET   834 PM CDT


-  INDICATES NEGATIVE NUMBERS.
R  INDICATES RECORD WAS SET OR TIED.
MM INDICATES DATA IS MISSING.
T  INDICATES TRACE AMOUNT.




$$
