000
CDGM40 PGUM 051845
CLIGUM


CLIMATE REPORT
NATIONAL WEATHER SERVICE TIYAN, GUAM
445 AM CHST WED MAY 6 2015


...................................

...THE GUAM INTERNATIONAL AIRPORT GU CLIMATE SUMMARY FOR MAY 5 2015...

CLIMATE NORMAL PERIOD 1981 TO 2010
CLIMATE RECORD PERIOD 1945 TO 2015


WEATHER ITEM   OBSERVED TIME   RECORD YEAR NORMAL DEPARTURE LAST
                VALUE   (LST)  VALUE       VALUE  FROM      YEAR
                                                  NORMAL
..................................................................
TEMPERATURE (F)
 YESTERDAY
  MAXIMUM         88    154 PM  93    1984  88      0       89
  MINIMUM         79   1114 PM  73    1995  77      2       80
                                      1972
                                      1965
  AVERAGE         84                        82      2       85

PRECIPITATION (IN)
  YESTERDAY        T             1.30 1995   0.14  -0.14     0.00
  MONTH TO DATE    0.49                      0.67  -0.18     0.09
  SINCE MAR 1     11.23                      7.02   4.21     5.74
  SINCE JAN 1     19.97                     16.51   3.46    27.77

SNOWFALL (IN)
  YESTERDAY        0.0
  MONTH TO DATE    0.0
  SINCE MAR 1      0.0
  SINCE JUL 1      0.0
  SNOW DEPTH       0

DEGREE DAYS
 HEATING
  YESTERDAY        0                         0      0        0
  MONTH TO DATE    0                         0      0        0
  SINCE MAR 1      0                         0      0        0
  SINCE JUL 1      0                         0      0        0

 COOLING
  YESTERDAY       19                        17      2       20
  MONTH TO DATE   94                        85      9       98
  SINCE MAR 1   1106                      1079     27     1186
  SINCE JAN 1   2059                      1969     90     2133
..................................................................


WIND (MPH)
  RESULTANT WIND SPEED  11   RESULTANT WIND DIRECTION   E (90)
  HIGHEST WIND SPEED    18   HIGHEST WIND DIRECTION     E (80)
  HIGHEST GUST SPEED    23   HIGHEST GUST DIRECTION     E (100)
  AVERAGE WIND SPEED    11.5


SKY COVER
  POSSIBLE SUNSHINE  MM
  AVERAGE SKY COVER 0.4


WEATHER CONDITIONS
 THE FOLLOWING WEATHER WAS RECORDED YESTERDAY.
  LIGHT RAIN


RELATIVE HUMIDITY (PERCENT)
 HIGHEST    85           900 PM
 LOWEST     65          1200 PM
 AVERAGE    75

..........................................................


THE GUAM INTERNATIONAL AIRPORT GU CLIMATE NORMALS FOR TODAY
                         NORMAL    RECORD    YEAR
 MAXIMUM TEMPERATURE (F)   88        92      1984
                                             1982
 MINIMUM TEMPERATURE (F)   77        71      1972


SUNRISE AND SUNSET
MAY  6 2015...........SUNRISE   558 AM CHST  SUNSET   637 PM CHST
MAY  7 2015...........SUNRISE   557 AM CHST  SUNSET   638 PM CHST


-  INDICATES NEGATIVE NUMBERS.
R  INDICATES RECORD WAS SET OR TIED.
MM INDICATES DATA IS MISSING.
T  INDICATES TRACE AMOUNT.




$$
