000
CDUS44 KJAN 052122
CLIGWO


CLIMATE REPORT
NATIONAL WEATHER SERVICE JACKSON MS
421 PM CDT TUE MAY 5 2015


...................................

...THE GREENWOOD CLIMATE SUMMARY FOR MAY 5 2015...
VALID TODAY AS OF 0400 PM LOCAL TIME.

CLIMATE NORMAL PERIOD 1981 TO 2010
CLIMATE RECORD PERIOD 1948 TO 2015


WEATHER ITEM   OBSERVED TIME   RECORD YEAR NORMAL DEPARTURE LAST
                VALUE   (LST)  VALUE       VALUE  FROM      YEAR
                                                  NORMAL
..................................................................
TEMPERATURE (F)
 TODAY
  MAXIMUM         84    220 PM  94    1952  80      4       86
  MINIMUM         59    506 AM  43    2011  58      1       58
  AVERAGE         72                        69      3       72

PRECIPITATION (IN)
  TODAY            0.00          1.95 1989   0.17  -0.17     0.00
  MONTH TO DATE    0.00                      0.87  -0.87     0.00
  SINCE MAR 1     11.54                     10.31   1.23    13.70
  SINCE JAN 1     20.93                     19.25   1.68    19.98

SNOWFALL (IN)
  TODAY            0.0

DEGREE DAYS
 HEATING
  TODAY            0                         1     -1        0
  MONTH TO DATE    5                         5      0       16
  SINCE MAR 1    339                       445   -106      599
  SINCE JUL 1   2860                      2676    184     3253

 COOLING
  TODAY            7                         5      2        7
  MONTH TO DATE   15                        22     -7       12
  SINCE MAR 1    126                       119      7       75
  SINCE JAN 1    126                       124      2       75
..................................................................


WIND (MPH)
  HIGHEST WIND SPEED    18   HIGHEST WIND DIRECTION     S (170)
  HIGHEST GUST SPEED    22   HIGHEST GUST DIRECTION    SE (140)
  AVERAGE WIND SPEED     7.2


SKY COVER
  POSSIBLE SUNSHINE  MM
  AVERAGE SKY COVER 0.1


WEATHER CONDITIONS
 THE FOLLOWING WEATHER WAS RECORDED TODAY.
  NO SIGNIFICANT WEATHER WAS OBSERVED.


RELATIVE HUMIDITY (PERCENT)
 HIGHEST    87           500 AM
 LOWEST     34           300 PM
 AVERAGE    61

..........................................................


THE GREENWOOD CLIMATE NORMALS FOR TOMORROW
                         NORMAL    RECORD    YEAR
 MAXIMUM TEMPERATURE (F)   80        93      2007
 MINIMUM TEMPERATURE (F)   58        45      1957


SUNRISE AND SUNSET
MAY  5 2015...........SUNRISE   608 AM CDT   SUNSET   746 PM CDT
MAY  6 2015...........SUNRISE   607 AM CDT   SUNSET   747 PM CDT


-  INDICATES NEGATIVE NUMBERS.
R  INDICATES RECORD WAS SET OR TIED.
MM INDICATES DATA IS MISSING.
T  INDICATES TRACE AMOUNT.




$$
