000
CDUS41 KGYX 050805
CLIGYX


CLIMATE REPORT
NATIONAL WEATHER SERVICE GRAY ME
405 AM EDT TUE MAY 5 2015


...................................

...THE GRAY ME CLIMATE SUMMARY FOR MAY 4 2015...

CLIMATE NORMAL PERIOD 1981 TO 2010
CLIMATE RECORD PERIOD 1995 TO 2015


WEATHER ITEM   OBSERVED TIME   RECORD YEAR NORMAL DEPARTURE LAST
                VALUE   (LST)  VALUE       VALUE  FROM      YEAR
                                                  NORMAL
..................................................................
TEMPERATURE (F)
 YESTERDAY
  MAXIMUM         78        MM  MM      MM  61     17       56
  MINIMUM         42        MM  MM      MM  42      0       41
  AVERAGE         60                        51      9       49

PRECIPITATION (IN)
  YESTERDAY        0.00         MM      MM   0.12  -0.12     0.23
  MONTH TO DATE    0.00                      0.50  -0.50     1.01
  SINCE MAR 1      5.01                      9.05  -4.04     7.90
  SINCE JAN 1     10.98                     15.89  -4.91    14.89

SNOWFALL (IN)
  YESTERDAY        0.0          MM      MM   0.0    0.0      0.0
  MONTH TO DATE    0.0                       0.1   -0.1      0.0
  SINCE MAR 1      8.2                      24.8  -16.6      8.9
  SINCE JUL 1    107.3                      83.9   23.4     83.0
  SNOW DEPTH       0

DEGREE DAYS
 HEATING
  YESTERDAY        5                        14     -9       16
  MONTH TO DATE   56                        57     -1       56
  SINCE MAR 1   1834                      1674    160     1948
  SINCE JUL 1   7310                      6832    478     7358

 COOLING
  YESTERDAY        0                         0      0        0
  MONTH TO DATE    0                         0      0        0
  SINCE MAR 1      0                         1     -1        0
  SINCE JAN 1      0                         1     -1        0
..................................................................







THE GRAY ME CLIMATE NORMALS FOR TODAY
                         NORMAL
 MAXIMUM TEMPERATURE (F)   62
 MINIMUM TEMPERATURE (F)   42


SUNRISE AND SUNSET
MAY  5 2015...........SUNRISE   528 AM EDT   SUNSET   748 PM EDT
MAY  6 2015...........SUNRISE   526 AM EDT   SUNSET   750 PM EDT


-  INDICATES NEGATIVE NUMBERS.
R  INDICATES RECORD WAS SET OR TIED.
MM INDICATES DATA IS MISSING.
T  INDICATES TRACE AMOUNT.




$$
