000
CDUS44 KJAN 010849
CLIHBG


CLIMATE REPORT
NATIONAL WEATHER SERVICE JACKSON MS
346 AM CDT WED APR 1 2015


...................................

...THE HATTIESBURG CLIMATE SUMMARY FOR MARCH 31 2015...

CLIMATE NORMAL PERIOD 1981 TO 2010
CLIMATE RECORD PERIOD 1948 TO 2015


WEATHER ITEM   OBSERVED TIME   RECORD YEAR NORMAL DEPARTURE LAST
                VALUE   (LST)  VALUE       VALUE  FROM      YEAR
                                                  NORMAL
..................................................................
TEMPERATURE (F)
 YESTERDAY
  MAXIMUM         84    314 PM  89    1954  75      9       82
  MINIMUM         61    612 AM  30    2003  49     12       37
                                      1987
  AVERAGE         73                        62     11       60

PRECIPITATION (IN)
  YESTERDAY        0.00          3.74 1976   0.19  -0.19     0.00
  MONTH TO DATE    5.71                      5.50   0.21     6.37
  SINCE MAR 1      5.71                      5.50   0.21     6.37
  SINCE JAN 1     13.54                     16.63  -3.09    16.27

SNOWFALL (IN)
  YESTERDAY        0.0

DEGREE DAYS
 HEATING
  YESTERDAY        0                         5     -5        5
  MONTH TO DATE  116                       217   -101      272
  SINCE MAR 1    116                       217   -101      272
  SINCE JUL 1   1897                      1895      2     2195

 COOLING
  YESTERDAY        8                         2      6        0
  MONTH TO DATE   92                        33     59        9
  SINCE MAR 1     92                        33     59        9
  SINCE JAN 1     98                        48     50       26
..................................................................


WIND (MPH)
  HIGHEST WIND SPEED    18   HIGHEST WIND DIRECTION    SW (230)
  HIGHEST GUST SPEED    25   HIGHEST GUST DIRECTION     W (250)
  AVERAGE WIND SPEED     7.8


SKY COVER
  POSSIBLE SUNSHINE  MM
  AVERAGE SKY COVER 0.1


WEATHER CONDITIONS
 THE FOLLOWING WEATHER WAS RECORDED YESTERDAY.
  NO SIGNIFICANT WEATHER WAS OBSERVED.


RELATIVE HUMIDITY (PERCENT)
 HIGHEST    97           600 AM
 LOWEST     40           200 PM
 AVERAGE    69

..........................................................


THE HATTIESBURG CLIMATE NORMALS FOR TODAY
                         NORMAL    RECORD    YEAR
 MAXIMUM TEMPERATURE (F)   75        88      1974
 MINIMUM TEMPERATURE (F)   49        32      1987


SUNRISE AND SUNSET
APRIL  1 2015.........SUNRISE   646 AM CDT   SUNSET   716 PM CDT
APRIL  2 2015.........SUNRISE   645 AM CDT   SUNSET   717 PM CDT


-  INDICATES NEGATIVE NUMBERS.
R  INDICATES RECORD WAS SET OR TIED.
MM INDICATES DATA IS MISSING.
T  INDICATES TRACE AMOUNT.




$$
