000
CDUS43 KGLD 070051
CLIHLC

CLIMATE REPORT
NATIONAL WEATHER SERVICE GOODLAND
644 PM MDT WED MAY 6 2015

...................................

...THE HILL CITY KS CLIMATE SUMMARY FOR MAY 6 2015...
VALID TODAY AS OF 0600 PM LOCAL TIME.

CLIMATE NORMAL PERIOD 1981 TO 2010
CLIMATE RECORD PERIOD 1896 TO 2015


WEATHER ITEM   OBSERVED TIME   RECORD YEAR NORMAL DEPARTURE LAST
                VALUE   (LST)  VALUE       VALUE  FROM      YEAR
                                                  NORMAL
..................................................................
TEMPERATURE (F)
 TODAY
  MAXIMUM         77    439 PM  95    1955  72      5       82
  MINIMUM         60    918 AM  29    1944  46     14       46
  AVERAGE         69                        59     10       64

PRECIPITATION (IN)
  TODAY            0.00                      0.12  -0.12     0.00
  MONTH TO DATE    0.59                      0.68  -0.09      T
  SINCE MAR 1      4.20                      4.43  -0.23     3.57
  SINCE JAN 1      4.62                      5.40  -0.78     4.03

..................................................................


THE HILL CITY KS CLIMATE NORMALS FOR TOMORROW
                         NORMAL    RECORD    YEAR
 MAXIMUM TEMPERATURE (F)   73        97      1934
 MINIMUM TEMPERATURE (F)   46        28      1951



-  INDICATES NEGATIVE NUMBERS.
R  INDICATES RECORD WAS SET OR TIED.
MM INDICATES DATA IS MISSING.
T  INDICATES TRACE AMOUNT.

$$
